CRAN Package Check Results for Package BBRecapture

Last updated on 2020-12-04 00:48:16 CET.

Flavor Version Tinstall Tcheck Ttotal Status Flags
r-devel-linux-x86_64-debian-clang 0.2 10.56 79.42 89.98 OK
r-devel-linux-x86_64-debian-gcc 0.2 9.95 62.76 72.71 OK
r-devel-linux-x86_64-fedora-clang 0.2 116.68 NOTE
r-devel-linux-x86_64-fedora-gcc 0.2 106.96 NOTE
r-devel-windows-ix86+x86_64 0.2 23.00 100.00 123.00 OK
r-patched-linux-x86_64 0.2 11.50 74.33 85.83 OK
r-patched-solaris-x86 0.2 151.30 NOTE
r-release-linux-x86_64 0.2 9.65 75.44 85.09 OK
r-release-macos-x86_64 0.2 NOTE
r-release-windows-ix86+x86_64 0.2 17.00 93.00 110.00 OK
r-oldrel-macos-x86_64 0.2 NOTE
r-oldrel-windows-ix86+x86_64 0.2 16.00 94.00 110.00 OK

Check Details

Version: 0.2
Check: dependencies in R code
Result: NOTE
    Namespaces in Imports field not imported from:
     ‘locfit’ ‘secr’
     All declared Imports should be used.
Flavors: r-devel-linux-x86_64-fedora-clang, r-devel-linux-x86_64-fedora-gcc, r-patched-solaris-x86, r-release-macos-x86_64, r-oldrel-macos-x86_64