Last updated on 2020-12-04 00:48:16 CET.
Flavor | Version | Tinstall | Tcheck | Ttotal | Status | Flags |
---|---|---|---|---|---|---|
r-devel-linux-x86_64-debian-clang | 2.4.0 | 23.55 | 183.42 | 206.97 | OK | |
r-devel-linux-x86_64-debian-gcc | 2.4.0 | 18.63 | 136.08 | 154.71 | OK | |
r-devel-linux-x86_64-fedora-clang | 2.4.0 | 269.03 | OK | |||
r-devel-linux-x86_64-fedora-gcc | 2.4.0 | 243.63 | OK | |||
r-devel-windows-ix86+x86_64 | 2.4.0 | 46.00 | 218.00 | 264.00 | OK | |
r-patched-linux-x86_64 | 2.4.0 | 19.33 | 171.48 | 190.81 | OK | |
r-patched-solaris-x86 | 2.4.0 | 329.10 | OK | |||
r-release-linux-x86_64 | 2.4.0 | 19.88 | 170.38 | 190.26 | OK | |
r-release-macos-x86_64 | 2.4.0 | OK | ||||
r-release-windows-ix86+x86_64 | 2.4.0 | 34.00 | 161.00 | 195.00 | OK | |
r-oldrel-macos-x86_64 | 2.4.0 | WARN | ||||
r-oldrel-windows-ix86+x86_64 | 2.4.0 | 33.00 | 166.00 | 199.00 | OK |
Version: 2.4.0
Check: whether package can be installed
Result: WARN
Found the following significant warnings:
Warning: 'rgl.init' failed, running with 'rgl.useNULL = TRUE'.
Flavor: r-oldrel-macos-x86_64