CRAN Package Check Results for Package BARIS

Last updated on 2020-12-04 00:48:16 CET.

Flavor Version Tinstall Tcheck Ttotal Status Flags
r-devel-linux-x86_64-debian-clang 1.1.1 12.16 87.86 100.02 OK
r-devel-linux-x86_64-debian-gcc 1.1.1 8.59 65.46 74.05 OK
r-devel-linux-x86_64-fedora-clang 1.1.1 123.86 NOTE
r-devel-linux-x86_64-fedora-gcc 1.1.1 114.40 NOTE
r-devel-windows-ix86+x86_64 1.1.1 25.00 104.00 129.00 OK
r-patched-linux-x86_64 1.1.1 10.78 79.96 90.74 OK
r-patched-solaris-x86 1.1.1 170.90 NOTE
r-release-linux-x86_64 1.1.1 9.91 79.85 89.76 OK
r-release-macos-x86_64 1.1.1 NOTE
r-release-windows-ix86+x86_64 1.1.1 19.00 96.00 115.00 OK
r-oldrel-macos-x86_64 1.1.1 NOTE
r-oldrel-windows-ix86+x86_64 1.1.1 17.00 99.00 116.00 OK

Check Details

Version: 1.1.1
Check: dependencies in R code
Result: NOTE
    Namespace in Imports field not imported from: ‘rstudioapi’
     All declared Imports should be used.
Flavors: r-devel-linux-x86_64-fedora-clang, r-devel-linux-x86_64-fedora-gcc, r-patched-solaris-x86, r-release-macos-x86_64, r-oldrel-macos-x86_64