Last updated on 2020-12-04 00:48:16 CET.
Flavor | Version | Tinstall | Tcheck | Ttotal | Status | Flags |
---|---|---|---|---|---|---|
r-devel-linux-x86_64-debian-clang | 2.3.0 | 116.13 | 128.81 | 244.94 | OK | |
r-devel-linux-x86_64-debian-gcc | 2.3.0 | 82.10 | 98.93 | 181.03 | OK | |
r-devel-linux-x86_64-fedora-clang | 2.3.0 | 334.00 | NOTE | |||
r-devel-linux-x86_64-fedora-gcc | 2.3.0 | 306.02 | NOTE | |||
r-devel-windows-ix86+x86_64 | 2.3.0 | 269.00 | 234.00 | 503.00 | OK | |
r-patched-linux-x86_64 | 2.3.0 | 103.07 | 121.79 | 224.86 | OK | |
r-patched-solaris-x86 | 2.3.0 | 318.20 | NOTE | |||
r-release-linux-x86_64 | 2.3.0 | 100.40 | 121.80 | 222.20 | OK | |
r-release-macos-x86_64 | 2.3.0 | NOTE | ||||
r-release-windows-ix86+x86_64 | 2.3.0 | 206.00 | 175.00 | 381.00 | OK | |
r-oldrel-macos-x86_64 | 2.3.0 | NOTE | ||||
r-oldrel-windows-ix86+x86_64 | 2.3.0 | 214.00 | 221.00 | 435.00 | OK |
Version: 2.3.0
Check: dependencies in R code
Result: NOTE
Namespace in Imports field not imported from: ‘stats4’
All declared Imports should be used.
Flavors: r-devel-linux-x86_64-fedora-clang, r-devel-linux-x86_64-fedora-gcc, r-patched-solaris-x86, r-release-macos-x86_64
Version: 2.3.0
Check: dependencies in R code
Result: NOTE
No protocol specified
No protocol specified
Namespace in Imports field not imported from: ‘stats4’
All declared Imports should be used.
Flavor: r-oldrel-macos-x86_64