CRAN Package Check Results for Package BALD

Last updated on 2020-12-04 00:48:16 CET.

Flavor Version Tinstall Tcheck Ttotal Status Flags
r-devel-linux-x86_64-debian-clang 1.0.0-3 34.22 64.82 99.04 OK
r-devel-linux-x86_64-debian-gcc 1.0.0-3 21.54 51.35 72.89 OK
r-devel-linux-x86_64-fedora-clang 1.0.0-3 135.93 NOTE
r-devel-linux-x86_64-fedora-gcc 1.0.0-3 114.90 NOTE
r-devel-windows-ix86+x86_64 1.0.0-3 21.00 8.00 29.00 ERROR
r-patched-linux-x86_64 1.0.0-3 25.04 64.07 89.11 OK
r-patched-solaris-x86 1.0.0-3 149.30 OK
r-release-linux-x86_64 1.0.0-3 26.25 63.46 89.71 OK
r-release-macos-x86_64 1.0.0-3 OK
r-release-windows-ix86+x86_64 1.0.0-3 16.00 7.00 23.00 ERROR
r-oldrel-macos-x86_64 1.0.0-3 OK
r-oldrel-windows-ix86+x86_64 1.0.0-3 44.00 106.00 150.00 OK

Check Details

Version: 1.0.0-3
Check: compiled code
Result: NOTE
    File ‘BALD/libs/BALD.so’:
     Found no calls to: ‘R_registerRoutines’, ‘R_useDynamicSymbols’
    
    It is good practice to register native routines and to disable symbol
    search.
    
    See ‘Writing portable packages’ in the ‘Writing R Extensions’ manual.
Flavors: r-devel-linux-x86_64-fedora-clang, r-devel-linux-x86_64-fedora-gcc

Version: 1.0.0-3
Check: whether package can be installed
Result: ERROR
    Installation failed.
Flavors: r-devel-windows-ix86+x86_64, r-release-windows-ix86+x86_64