CRAN Package Check Results for Package BACA

Last updated on 2020-12-04 00:48:16 CET.

Flavor Version Tinstall Tcheck Ttotal Status Flags
r-devel-linux-x86_64-debian-clang 1.3 27.93 235.24 263.17 OK
r-devel-linux-x86_64-debian-gcc 1.3 23.09 178.42 201.51 OK
r-devel-linux-x86_64-fedora-clang 1.3 324.79 OK
r-devel-linux-x86_64-fedora-gcc 1.3 318.62 OK
r-devel-windows-ix86+x86_64 1.3 60.00 184.00 244.00 OK --no-vignettes
r-patched-linux-x86_64 1.3 24.71 219.61 244.32 OK
r-patched-solaris-x86 1.3 443.30 OK --no-vignettes
r-release-linux-x86_64 1.3 26.84 220.85 247.69 OK
r-release-macos-x86_64 1.3 ERROR
r-release-windows-ix86+x86_64 1.3 50.00 274.00 324.00 OK --no-vignettes
r-oldrel-macos-x86_64 1.3 ERROR
r-oldrel-windows-ix86+x86_64 1.3 22.00 6.00 28.00 ERROR --no-vignettes

Check Details

Version: 1.3
Check: package dependencies
Result: ERROR
    Package required but not available: ‘RDAVIDWebService’
    
    See section ‘The DESCRIPTION file’ in the ‘Writing R Extensions’
    manual.
Flavor: r-release-macos-x86_64

Version: 1.3
Check: whether package can be installed
Result: ERROR
    Installation failed.
Flavor: r-oldrel-macos-x86_64

Version: 1.3
Flags: --no-vignettes
Check: whether package can be installed
Result: ERROR
    Installation failed.
Flavor: r-oldrel-windows-ix86+x86_64