CRAN Package Check Results for Package AzureQstor

Last updated on 2020-12-04 00:48:16 CET.

Flavor Version Tinstall Tcheck Ttotal Status Flags
r-devel-linux-x86_64-debian-clang 1.0.1 4.49 28.40 32.89 OK
r-devel-linux-x86_64-debian-gcc 1.0.1 3.78 24.18 27.96 OK
r-devel-linux-x86_64-fedora-clang 1.0.1 47.42 NOTE
r-devel-linux-x86_64-fedora-gcc 1.0.1 38.10 NOTE
r-devel-windows-ix86+x86_64 1.0.1 8.00 46.00 54.00 OK
r-patched-linux-x86_64 1.0.1 4.81 28.26 33.07 OK
r-patched-solaris-x86 1.0.1 60.40 NOTE
r-release-linux-x86_64 1.0.1 4.55 28.91 33.46 OK
r-release-macos-x86_64 1.0.1 NOTE
r-release-windows-ix86+x86_64 1.0.1 6.00 36.00 42.00 OK
r-oldrel-macos-x86_64 1.0.1 NOTE
r-oldrel-windows-ix86+x86_64 1.0.1 5.00 42.00 47.00 OK

Check Details

Version: 1.0.1
Check: dependencies in R code
Result: NOTE
    Namespaces in Imports field not imported from:
     ‘httr’ ‘openssl’
     All declared Imports should be used.
Flavors: r-devel-linux-x86_64-fedora-clang, r-devel-linux-x86_64-fedora-gcc, r-patched-solaris-x86, r-release-macos-x86_64, r-oldrel-macos-x86_64