CRAN Package Check Results for Package AzureKusto

Last updated on 2020-12-04 00:48:16 CET.

Flavor Version Tinstall Tcheck Ttotal Status Flags
r-devel-linux-x86_64-debian-clang 1.0.6 11.46 61.21 72.67 OK
r-devel-linux-x86_64-debian-gcc 1.0.6 9.33 46.41 55.74 OK
r-devel-linux-x86_64-fedora-clang 1.0.6 91.69 NOTE
r-devel-linux-x86_64-fedora-gcc 1.0.6 82.79 NOTE
r-devel-windows-ix86+x86_64 1.0.6 22.00 81.00 103.00 OK
r-patched-linux-x86_64 1.0.6 9.63 56.26 65.89 OK
r-patched-solaris-x86 1.0.6 112.90 NOTE
r-release-linux-x86_64 1.0.6 10.78 57.28 68.06 OK
r-release-macos-x86_64 1.0.6 NOTE
r-release-windows-ix86+x86_64 1.0.6 17.00 64.00 81.00 OK
r-oldrel-macos-x86_64 1.0.6 NOTE
r-oldrel-windows-ix86+x86_64 1.0.6 15.00 73.00 88.00 OK

Check Details

Version: 1.0.6
Check: dependencies in R code
Result: NOTE
    Namespace in Imports field not imported from: ‘tibble’
     All declared Imports should be used.
Flavors: r-devel-linux-x86_64-fedora-clang, r-devel-linux-x86_64-fedora-gcc, r-patched-solaris-x86, r-release-macos-x86_64, r-oldrel-macos-x86_64