Last updated on 2020-12-04 00:48:15 CET.
Flavor | Version | Tinstall | Tcheck | Ttotal | Status | Flags |
---|---|---|---|---|---|---|
r-devel-linux-x86_64-debian-clang | 2.1.5 | 3.38 | 44.55 | 47.93 | OK | |
r-devel-linux-x86_64-debian-gcc | 2.1.5 | 2.50 | 34.26 | 36.76 | OK | |
r-devel-linux-x86_64-fedora-clang | 2.1.5 | 72.12 | NOTE | |||
r-devel-linux-x86_64-fedora-gcc | 2.1.5 | 57.28 | NOTE | |||
r-devel-windows-ix86+x86_64 | 2.1.5 | 10.00 | 87.00 | 97.00 | OK | |
r-patched-linux-x86_64 | 2.1.5 | 3.12 | 43.05 | 46.17 | OK | |
r-patched-solaris-x86 | 2.1.5 | 78.50 | OK | |||
r-release-linux-x86_64 | 2.1.5 | 3.31 | 43.35 | 46.66 | OK | |
r-release-macos-x86_64 | 2.1.5 | OK | ||||
r-release-windows-ix86+x86_64 | 2.1.5 | 10.00 | 89.00 | 99.00 | OK | |
r-oldrel-macos-x86_64 | 2.1.5 | OK | ||||
r-oldrel-windows-ix86+x86_64 | 2.1.5 | 7.00 | 80.00 | 87.00 | OK |
Version: 2.1.5
Check: compiled code
Result: NOTE
File ‘AdMit/libs/AdMit.so’:
Found no calls to: ‘R_registerRoutines’, ‘R_useDynamicSymbols’
It is good practice to register native routines and to disable symbol
search.
See ‘Writing portable packages’ in the ‘Writing R Extensions’ manual.
Flavors: r-devel-linux-x86_64-fedora-clang, r-devel-linux-x86_64-fedora-gcc