CRAN Package Check Results for Package AWR

Last updated on 2020-12-04 00:48:16 CET.

Flavor Version Tinstall Tcheck Ttotal Status Flags
r-devel-linux-x86_64-debian-clang 1.11.189 4.20 27.63 31.83 OK
r-devel-linux-x86_64-debian-gcc 1.11.189 3.39 3.70 7.09 FAIL
r-devel-linux-x86_64-fedora-clang 1.11.189 47.13 NOTE
r-devel-linux-x86_64-fedora-gcc 1.11.189 37.73 OK
r-devel-windows-ix86+x86_64 1.11.189 21.00 39.00 60.00 NOTE
r-patched-linux-x86_64 1.11.189 3.94 25.53 29.47 OK
r-patched-solaris-x86 1.11.189 51.80 NOTE
r-release-linux-x86_64 1.11.189 4.38 26.15 30.53 OK
r-release-macos-x86_64 1.11.189 NOTE
r-release-windows-ix86+x86_64 1.11.189 20.00 42.00 62.00 NOTE
r-oldrel-macos-x86_64 1.11.189 NOTE
r-oldrel-windows-ix86+x86_64 1.11.189 23.00 38.00 61.00 NOTE

Check Details

Version: 1.11.189
Check: whether the package can be loaded with stated dependencies
Result: FAIL
Flavor: r-devel-linux-x86_64-debian-gcc

Version: 1.11.189
Check: installed package size
Result: NOTE
     installed size is 67.2Mb
     sub-directories of 1Mb or more:
     java 67.2Mb
Flavors: r-devel-linux-x86_64-fedora-clang, r-devel-windows-ix86+x86_64, r-patched-solaris-x86, r-release-macos-x86_64, r-release-windows-ix86+x86_64, r-oldrel-macos-x86_64, r-oldrel-windows-ix86+x86_64