CRAN Package Check Results for Package AWR.Athena

Last updated on 2020-12-04 00:48:16 CET.

Flavor Version Tinstall Tcheck Ttotal Status Flags
r-devel-linux-x86_64-debian-clang 2.0.7-0 5.93 39.57 45.50 OK
r-devel-linux-x86_64-debian-gcc 2.0.7-0 4.66 31.52 36.18 OK
r-devel-linux-x86_64-fedora-clang 2.0.7-0 63.82 NOTE
r-devel-linux-x86_64-fedora-gcc 2.0.7-0 53.51 OK
r-devel-windows-ix86+x86_64 2.0.7-0 17.00 60.00 77.00 NOTE
r-patched-linux-x86_64 2.0.7-0 4.69 37.95 42.64 OK
r-patched-solaris-x86 2.0.7-0 74.20 NOTE
r-release-linux-x86_64 2.0.7-0 4.80 37.17 41.97 OK
r-release-macos-x86_64 2.0.7-0 NOTE
r-release-windows-ix86+x86_64 2.0.7-0 12.00 62.00 74.00 NOTE
r-oldrel-macos-x86_64 2.0.7-0 NOTE
r-oldrel-windows-ix86+x86_64 2.0.7-0 7.00 7.00 14.00 ERROR

Check Details

Version: 2.0.7-0
Check: installed package size
Result: NOTE
     installed size is 7.9Mb
     sub-directories of 1Mb or more:
     java 7.8Mb
Flavors: r-devel-linux-x86_64-fedora-clang, r-devel-windows-ix86+x86_64, r-patched-solaris-x86, r-release-macos-x86_64, r-release-windows-ix86+x86_64, r-oldrel-macos-x86_64

Version: 2.0.7-0
Check: whether package can be installed
Result: ERROR
    Installation failed.
Flavor: r-oldrel-windows-ix86+x86_64