CRAN Package Check Results for Package ASSOCShiny

Last updated on 2020-12-04 00:48:16 CET.

Flavor Version Tinstall Tcheck Ttotal Status Flags
r-devel-linux-x86_64-debian-clang 0.1.0 3.55 19.46 23.01 OK
r-devel-linux-x86_64-debian-gcc 0.1.0 2.46 16.49 18.95 OK
r-devel-linux-x86_64-fedora-clang 0.1.0 36.86 NOTE
r-devel-linux-x86_64-fedora-gcc 0.1.0 24.09 NOTE
r-devel-windows-ix86+x86_64 0.1.0 7.00 33.00 40.00 OK
r-patched-linux-x86_64 0.1.0 2.75 19.25 22.00 OK
r-patched-solaris-x86 0.1.0 38.50 NOTE
r-release-linux-x86_64 0.1.0 2.14 18.65 20.79 OK
r-release-macos-x86_64 0.1.0 NOTE
r-release-windows-ix86+x86_64 0.1.0 5.00 27.00 32.00 OK
r-oldrel-macos-x86_64 0.1.0 NOTE
r-oldrel-windows-ix86+x86_64 0.1.0 10.00 34.00 44.00 OK

Check Details

Version: 0.1.0
Check: dependencies in R code
Result: NOTE
    Namespaces in Imports field not imported from:
     ‘arules’ ‘arulesViz’ ‘dplyr’ ‘methods’ ‘plotly’ ‘shiny’ ‘shinyMatrix’
     All declared Imports should be used.
Flavors: r-devel-linux-x86_64-fedora-clang, r-devel-linux-x86_64-fedora-gcc, r-patched-solaris-x86, r-release-macos-x86_64, r-oldrel-macos-x86_64