Last updated on 2020-12-04 00:48:16 CET.
Flavor | Version | Tinstall | Tcheck | Ttotal | Status | Flags |
---|---|---|---|---|---|---|
r-devel-linux-x86_64-debian-clang | 0.10 | 64.78 | 69.82 | 134.60 | OK | |
r-devel-linux-x86_64-debian-gcc | 0.10 | 45.18 | 55.03 | 100.21 | OK | |
r-devel-linux-x86_64-fedora-clang | 0.10 | 185.40 | NOTE | |||
r-devel-linux-x86_64-fedora-gcc | 0.10 | 164.57 | OK | |||
r-devel-windows-ix86+x86_64 | 0.10 | 109.00 | 129.00 | 238.00 | OK | |
r-patched-linux-x86_64 | 0.10 | 51.83 | 66.91 | 118.74 | OK | |
r-patched-solaris-x86 | 0.10 | 174.00 | OK | |||
r-release-linux-x86_64 | 0.10 | 52.42 | 65.97 | 118.39 | OK | |
r-release-macos-x86_64 | 0.10 | NOTE | ||||
r-release-windows-ix86+x86_64 | 0.10 | 79.00 | 132.00 | 211.00 | OK | |
r-oldrel-macos-x86_64 | 0.10 | NOTE | ||||
r-oldrel-windows-ix86+x86_64 | 0.10 | 77.00 | 116.00 | 193.00 | OK |
Version: 0.10
Check: installed package size
Result: NOTE
installed size is 10.5Mb
sub-directories of 1Mb or more:
libs 10.3Mb
Flavors: r-devel-linux-x86_64-fedora-clang, r-release-macos-x86_64, r-oldrel-macos-x86_64