CRAN Package Check Results for Package APML

Last updated on 2020-12-04 00:48:16 CET.

Flavor Version Tinstall Tcheck Ttotal Status Flags
r-devel-linux-x86_64-debian-clang 0.0.1 8.27 60.29 68.56 OK
r-devel-linux-x86_64-debian-gcc 0.0.1 7.00 46.76 53.76 OK
r-devel-linux-x86_64-fedora-clang 0.0.1 95.81 NOTE
r-devel-linux-x86_64-fedora-gcc 0.0.1 78.70 NOTE
r-devel-windows-ix86+x86_64 0.0.1 18.00 78.00 96.00 OK
r-patched-linux-x86_64 0.0.1 8.07 57.05 65.12 OK
r-patched-solaris-x86 0.0.1 117.30 NOTE
r-release-linux-x86_64 0.0.1 6.85 57.00 63.85 OK
r-release-macos-x86_64 0.0.1 NOTE
r-release-windows-ix86+x86_64 0.0.1 14.00 63.00 77.00 OK
r-oldrel-macos-x86_64 0.0.1 NOTE
r-oldrel-windows-ix86+x86_64 0.0.1 15.00 74.00 89.00 OK

Check Details

Version: 0.0.1
Check: dependencies in R code
Result: NOTE
    Namespaces in Imports field not imported from:
     ‘survival’ ‘tidyverse’
     All declared Imports should be used.
Flavors: r-devel-linux-x86_64-fedora-clang, r-devel-linux-x86_64-fedora-gcc, r-patched-solaris-x86, r-release-macos-x86_64, r-oldrel-macos-x86_64