CRAN Package Check Results for Package ANN2

Last updated on 2020-12-04 00:48:16 CET.

Flavor Version Tinstall Tcheck Ttotal Status Flags
r-devel-linux-x86_64-debian-clang 2.3.4 488.59 67.48 556.07 OK
r-devel-linux-x86_64-debian-gcc 2.3.4 341.73 57.72 399.45 OK
r-devel-linux-x86_64-fedora-clang 2.3.4 941.58 NOTE
r-devel-linux-x86_64-fedora-gcc 2.3.4 765.06 OK
r-devel-windows-ix86+x86_64 2.3.4 859.00 142.00 1001.00 NOTE
r-patched-linux-x86_64 2.3.4 391.57 63.31 454.88 OK
r-patched-solaris-x86 2.3.4 465.00 OK
r-release-linux-x86_64 2.3.4 397.09 61.73 458.82 OK
r-release-macos-x86_64 2.3.4 NOTE
r-release-windows-ix86+x86_64 2.3.3 720.00 101.00 821.00 NOTE
r-oldrel-macos-x86_64 2.3.4 NOTE
r-oldrel-windows-ix86+x86_64 2.3.4 658.00 107.00 765.00 NOTE

Check Details

Version: 2.3.4
Check: installed package size
Result: NOTE
     installed size is 57.8Mb
     sub-directories of 1Mb or more:
     cereal 1.4Mb
     libs 56.1Mb
Flavors: r-devel-linux-x86_64-fedora-clang, r-devel-windows-ix86+x86_64, r-release-macos-x86_64, r-oldrel-macos-x86_64, r-oldrel-windows-ix86+x86_64

Version: 2.3.3
Check: installed package size
Result: NOTE
     installed size is 6.3Mb
     sub-directories of 1Mb or more:
     cereal 1.4Mb
     libs 4.8Mb
Flavor: r-release-windows-ix86+x86_64