Last updated on 2020-12-04 00:48:15 CET.
Flavor | Version | Tinstall | Tcheck | Ttotal | Status | Flags |
---|---|---|---|---|---|---|
r-devel-linux-x86_64-debian-clang | 1.0.1 | 19.06 | 99.13 | 118.19 | OK | |
r-devel-linux-x86_64-debian-gcc | 1.0.1 | 14.88 | 77.82 | 92.70 | OK | |
r-devel-linux-x86_64-fedora-clang | 1.0.1 | 152.55 | NOTE | |||
r-devel-linux-x86_64-fedora-gcc | 1.0.1 | 140.71 | NOTE | |||
r-devel-windows-ix86+x86_64 | 1.0.1 | 36.00 | 124.00 | 160.00 | OK | |
r-patched-linux-x86_64 | 1.0.1 | 17.22 | 91.85 | 109.07 | OK | |
r-patched-solaris-x86 | 1.0.1 | 202.60 | NOTE | |||
r-release-linux-x86_64 | 1.0.1 | 16.66 | 90.96 | 107.62 | OK | |
r-release-macos-x86_64 | 1.0.1 | NOTE | ||||
r-release-windows-ix86+x86_64 | 1.0.1 | 25.00 | 113.00 | 138.00 | OK | |
r-oldrel-macos-x86_64 | 1.0.1 | NOTE | ||||
r-oldrel-windows-ix86+x86_64 | 1.0.1 | 26.00 | 114.00 | 140.00 | OK |
Version: 1.0.1
Check: dependencies in R code
Result: NOTE
Namespaces in Imports field not imported from:
‘devtools’ ‘mixexp’
All declared Imports should be used.
Flavors: r-devel-linux-x86_64-fedora-clang, r-devel-linux-x86_64-fedora-gcc, r-patched-solaris-x86, r-release-macos-x86_64, r-oldrel-macos-x86_64