Last updated on 2020-12-04 00:48:15 CET.
Flavor | Version | Tinstall | Tcheck | Ttotal | Status | Flags |
---|---|---|---|---|---|---|
r-devel-linux-x86_64-debian-clang | 2.0 | 29.90 | 92.83 | 122.73 | OK | |
r-devel-linux-x86_64-debian-gcc | 2.0 | 23.56 | 80.88 | 104.44 | OK | |
r-devel-linux-x86_64-fedora-clang | 2.0 | 265.54 | OK | |||
r-devel-linux-x86_64-fedora-gcc | 2.0 | 258.42 | OK | |||
r-devel-windows-ix86+x86_64 | 2.0 | 57.00 | 216.00 | 273.00 | OK | |
r-patched-linux-x86_64 | 2.0 | 30.32 | 89.21 | 119.53 | OK | |
r-patched-solaris-x86 | 2.0 | 342.60 | OK | |||
r-release-linux-x86_64 | 2.0 | 27.76 | 88.75 | 116.51 | OK | |
r-release-macos-x86_64 | 2.0 | OK | ||||
r-release-windows-ix86+x86_64 | 2.0 | 42.00 | 163.00 | 205.00 | OK | |
r-oldrel-macos-x86_64 | 2.0 | WARN | ||||
r-oldrel-windows-ix86+x86_64 | 2.0 | 52.00 | 201.00 | 253.00 | OK |
Version: 2.0
Check: whether package can be installed
Result: WARN
Found the following significant warnings:
Warning: 'rgl.init' failed, running with 'rgl.useNULL = TRUE'.
Flavor: r-oldrel-macos-x86_64