Last updated on 2016-08-06 23:47:07.
Flavor | Version | Tinstall | Tcheck | Ttotal | Status | Flags |
---|---|---|---|---|---|---|
r-devel-linux-x86_64-debian-clang | 0.4-4 | 19.00 | 49.01 | 68.01 | OK | |
r-devel-linux-x86_64-debian-gcc | 0.4-4 | 24.08 | 48.55 | 72.63 | NOTE | |
r-devel-linux-x86_64-fedora-clang | 0.4-4 | 135.98 | OK | |||
r-devel-linux-x86_64-fedora-gcc | 0.4-4 | 133.41 | NOTE | |||
r-devel-osx-x86_64-clang | 0.4-4 | 101.50 | OK | |||
r-devel-windows-ix86+x86_64 | 0.4-4 | 76.00 | 141.00 | 217.00 | OK | |
r-patched-linux-x86_64 | 0.4-4 | 19.71 | 46.25 | 65.96 | NOTE | |
r-patched-solaris-sparc | 0.4-4 | 743.30 | OK | |||
r-patched-solaris-x86 | 0.4-4 | 191.60 | OK | |||
r-release-linux-x86_64 | 0.4-4 | 20.20 | 46.73 | 66.93 | NOTE | |
r-release-osx-x86_64-mavericks | 0.4-4 | OK | ||||
r-release-windows-ix86+x86_64 | 0.4-4 | 77.00 | 141.00 | 218.00 | OK | |
r-oldrel-windows-ix86+x86_64 | 0.4-4 | 72.00 | 156.00 | 228.00 | OK |
Version: 0.4-4
Check: installed package size
Result: NOTE
installed size is 5.1Mb
sub-directories of 1Mb or more:
libs 4.5Mb
Flavors: r-devel-linux-x86_64-debian-gcc, r-devel-linux-x86_64-fedora-gcc, r-patched-linux-x86_64, r-release-linux-x86_64