Last updated on 2016-08-06 23:47:00.
Flavor | Version | Tinstall | Tcheck | Ttotal | Status | Flags |
---|---|---|---|---|---|---|
r-devel-linux-x86_64-debian-clang | 4.1-10 | 6.92 | 33.81 | 40.73 | NOTE | |
r-devel-linux-x86_64-debian-gcc | 4.1-10 | 12.55 | 33.56 | 46.11 | NOTE | |
r-devel-linux-x86_64-fedora-clang | 4.1-10 | 72.53 | NOTE | |||
r-devel-linux-x86_64-fedora-gcc | 4.1-10 | 68.48 | NOTE | |||
r-devel-osx-x86_64-clang | 4.1-10 | 57.04 | OK | |||
r-devel-windows-ix86+x86_64 | 4.1-10 | 55.00 | 102.00 | 157.00 | OK | |
r-patched-linux-x86_64 | 4.1-10 | 7.88 | 33.17 | 41.05 | NOTE | |
r-patched-solaris-sparc | 4.1-10 | OK | ||||
r-patched-solaris-x86 | 4.1-10 | OK | ||||
r-release-linux-x86_64 | 4.1-10 | 6.66 | 34.60 | 41.26 | NOTE | |
r-release-osx-x86_64-mavericks | 4.1-10 | OK | ||||
r-release-windows-ix86+x86_64 | 4.1-10 | 41.00 | 124.00 | 165.00 | OK | |
r-oldrel-windows-ix86+x86_64 | 4.1-10 | 67.00 | 110.00 | 177.00 | OK |
Version: 4.1-10
Check: top-level files
Result: NOTE
Non-standard file/directory found at top level:
‘Changelog.TMT’
Flavors: r-devel-linux-x86_64-debian-clang, r-devel-linux-x86_64-debian-gcc, r-devel-linux-x86_64-fedora-clang, r-devel-linux-x86_64-fedora-gcc, r-patched-linux-x86_64, r-release-linux-x86_64