Last updated on 2016-08-06 23:46:54.
Flavor | Version | Tinstall | Tcheck | Ttotal | Status | Flags |
---|---|---|---|---|---|---|
r-devel-linux-x86_64-debian-clang | 1.0-25 | 7.17 | 116.44 | 123.61 | OK | |
r-devel-linux-x86_64-debian-gcc | 1.0-25 | 7.37 | 113.35 | 120.72 | OK | |
r-devel-linux-x86_64-fedora-clang | 1.0-25 | 236.19 | OK | |||
r-devel-linux-x86_64-fedora-gcc | 1.0-25 | 223.06 | OK | |||
r-devel-osx-x86_64-clang | 1.0-25 | 181.94 | OK | |||
r-devel-windows-ix86+x86_64 | 1.0-25 | 36.00 | 352.00 | 388.00 | OK | |
r-patched-linux-x86_64 | 1.0-25 | 6.88 | 109.74 | 116.62 | OK | |
r-patched-solaris-sparc | 1.0-25 | 1326.90 | OK | |||
r-patched-solaris-x86 | 1.0-25 | 283.10 | OK | |||
r-release-linux-x86_64 | 1.0-25 | 6.66 | 114.41 | 121.07 | OK | |
r-release-osx-x86_64-mavericks | 1.0-25 | NOTE | ||||
r-release-windows-ix86+x86_64 | 1.0-25 | 34.00 | 346.00 | 380.00 | OK | |
r-oldrel-windows-ix86+x86_64 | 1.0-25 | 38.00 | 309.00 | 347.00 | OK |
Version: 1.0-25
Check: re-building of vignette outputs
Result: NOTE
Error in re-building vignettes:
...
Warning in grepl("(Rerun to get|biblatex.*\\(re\\)run)", readLines(log, :
input string 419 is invalid in this locale
Error in texi2dvi(file = file, pdf = TRUE, clean = clean, quiet = quiet, :
Running 'texi2dvi' on 'party.tex' failed.
LaTeX errors:
! Undefined control sequence.
l.18 !8<e7>hV*<95>p]<ad>V?<ff><fc><f3><f9><f9><f9>R<a9><84>^^A<a5>^^X<ed>v<fb><f2><e5><cb>B^^H!D<b9>\<fe>
<f2><cb>/?<f9><e4><93>J<a5>r<e3><c6>
The control sequence at the end of the top line
of your error message was never \def'ed. If you have
! LaTeX Error: Missing \begin{document}.
See the LaTeX manual or LaTeX Companion for explanation.
Type H <return> for immediate help.
...
! Extra }, or forgotten \endgroup.
l.19 ...^Uc,^^H^^B<c3>0<a0><<e7><e6><e6>*<95><ca><f8><f8><f8>G^^_}<d4>^^Oϧ|<ef><8d>}<f6><d9>g}
6<c5><fb>^^SB<f8><be><df>n<b7><a1>֛<cd>f*<95><8a><e3>xcc<a3><db>...
I've deleted a group-closing symbol because it seems to be
spurious, as in `$x}$'. But perhaps the } is legitimate and
! Missing $ inserted.
<inserted text>
Calls: buildVignettes -> texi2pdf -> texi2dvi
Execution halted
Flavor: r-release-osx-x86_64-mavericks