Last updated on 2016-08-06 23:46:49.
Flavor | Version | Tinstall | Tcheck | Ttotal | Status | Flags |
---|---|---|---|---|---|---|
r-devel-linux-x86_64-debian-clang | 1.0.1 | 4.44 | 101.80 | 106.25 | OK | |
r-devel-linux-x86_64-debian-gcc | 1.0.1 | 3.99 | 104.13 | 108.12 | OK | |
r-devel-linux-x86_64-fedora-clang | 1.0.1 | 210.60 | OK | |||
r-devel-linux-x86_64-fedora-gcc | 1.0.1 | 200.11 | OK | |||
r-devel-osx-x86_64-clang | 1.0.1 | 166.22 | OK | |||
r-devel-windows-ix86+x86_64 | 1.0.1 | 16.00 | 264.00 | 280.00 | NOTE | |
r-patched-linux-x86_64 | 1.0.1 | 3.84 | 99.66 | 103.50 | OK | |
r-patched-solaris-sparc | 1.0.1 | 1651.80 | OK | |||
r-patched-solaris-x86 | 1.0.1 | 362.70 | OK | |||
r-release-linux-x86_64 | 1.0.1 | 4.03 | 101.32 | 105.35 | OK | |
r-release-osx-x86_64-mavericks | 1.0.1 | OK | ||||
r-release-windows-ix86+x86_64 | 1.0.1 | 15.00 | 243.00 | 258.00 | NOTE | |
r-oldrel-windows-ix86+x86_64 | 1.0.1 | 16.00 | 252.00 | 268.00 | NOTE |
Version: 1.0.1
Check: package dependencies
Result: NOTE
Package suggested but not available for checking: 'doMC'
Flavors: r-devel-windows-ix86+x86_64, r-release-windows-ix86+x86_64, r-oldrel-windows-ix86+x86_64