Last updated on 2016-08-06 23:46:45.
Flavor | Version | Tinstall | Tcheck | Ttotal | Status | Flags |
---|---|---|---|---|---|---|
r-devel-linux-x86_64-debian-clang | 0.9.3 | 10.42 | 57.75 | 68.17 | OK | |
r-devel-linux-x86_64-debian-gcc | 0.9.3 | 11.32 | 57.32 | 68.65 | OK | |
r-devel-linux-x86_64-fedora-clang | 0.9.3 | 140.05 | OK | |||
r-devel-linux-x86_64-fedora-gcc | 0.9.3 | 126.59 | OK | |||
r-devel-osx-x86_64-clang | 0.9.3 | 104.43 | OK | |||
r-devel-windows-ix86+x86_64 | 0.9.3 | 44.00 | 143.00 | 187.00 | OK | |
r-patched-linux-x86_64 | 0.9.3 | 9.00 | 54.28 | 63.28 | OK | |
r-patched-solaris-sparc | 0.9.3 | 903.00 | OK | |||
r-patched-solaris-x86 | 0.9.3 | 159.80 | OK | |||
r-release-linux-x86_64 | 0.9.3 | 9.39 | 55.71 | 65.10 | OK | |
r-release-osx-x86_64-mavericks | 0.9.3 | NOTE | ||||
r-release-windows-ix86+x86_64 | 0.9.3 | 41.00 | 149.00 | 190.00 | OK | |
r-oldrel-windows-ix86+x86_64 | 0.9.3 | 43.00 | 165.00 | 208.00 | OK |
Version: 0.9.3
Check: package dependencies
Result: NOTE
Package which this enhances but not available for checking: ‘doMPI’
Flavor: r-release-osx-x86_64-mavericks