Last updated on 2016-08-06 23:46:44.
Flavor | Version | Tinstall | Tcheck | Ttotal | Status | Flags |
---|---|---|---|---|---|---|
r-devel-linux-x86_64-debian-clang | 1.4.3 | 0.76 | 75.57 | 76.32 | OK | |
r-devel-linux-x86_64-debian-gcc | 1.4.3 | 0.78 | 75.93 | 76.71 | OK | |
r-devel-linux-x86_64-fedora-clang | 1.4.3 | 28.46 | OK | |||
r-devel-linux-x86_64-fedora-gcc | 1.4.3 | 26.87 | OK | |||
r-devel-osx-x86_64-clang | 1.4.3 | 25.06 | OK | |||
r-devel-windows-ix86+x86_64 | 1.4.3 | 8.00 | 117.00 | 125.00 | NOTE | |
r-patched-linux-x86_64 | 1.4.3 | 0.78 | 75.67 | 76.45 | OK | |
r-patched-solaris-sparc | 1.4.3 | 163.50 | OK | |||
r-patched-solaris-x86 | 1.4.3 | 35.40 | OK | |||
r-release-linux-x86_64 | 1.4.3 | 0.71 | 75.82 | 76.53 | OK | |
r-release-osx-x86_64-mavericks | 1.4.3 | OK | ||||
r-release-windows-ix86+x86_64 | 1.4.3 | 5.00 | 122.00 | 127.00 | NOTE | |
r-oldrel-windows-ix86+x86_64 | 1.4.3 | 6.00 | 181.00 | 187.00 | NOTE |
Version: 1.4.3
Check: package dependencies
Result: NOTE
Package which this enhances but not available for checking: 'doMC'
Flavors: r-devel-windows-ix86+x86_64, r-release-windows-ix86+x86_64, r-oldrel-windows-ix86+x86_64