Last updated on 2016-08-06 23:46:41.
Flavor | Version | Tinstall | Tcheck | Ttotal | Status | Flags |
---|---|---|---|---|---|---|
r-devel-linux-x86_64-debian-clang | 1.0.14 | 0.62 | 17.68 | 18.29 | NOTE | |
r-devel-linux-x86_64-debian-gcc | 1.0.14 | 0.60 | 17.50 | 18.10 | NOTE | |
r-devel-linux-x86_64-fedora-clang | 1.0.14 | 24.80 | OK | |||
r-devel-linux-x86_64-fedora-gcc | 1.0.14 | 23.58 | OK | |||
r-devel-osx-x86_64-clang | 1.0.14 | 21.58 | OK | |||
r-devel-windows-ix86+x86_64 | 1.0.14 | 5.00 | 41.00 | 46.00 | OK | |
r-patched-linux-x86_64 | 1.0.14 | 0.63 | 17.07 | 17.70 | NOTE | |
r-patched-solaris-sparc | 1.0.14 | 216.30 | OK | |||
r-patched-solaris-x86 | 1.0.14 | 45.80 | OK | |||
r-release-linux-x86_64 | 1.0.14 | 0.74 | 17.93 | 18.67 | NOTE | |
r-release-osx-x86_64-mavericks | 1.0.14 | OK | ||||
r-release-windows-ix86+x86_64 | 1.0.14 | 4.00 | 58.00 | 62.00 | OK | |
r-oldrel-windows-ix86+x86_64 | 1.0.14 | 6.00 | 51.00 | 57.00 | OK |
Version: 1.0.14
Check: R code for possible problems
Result: NOTE
Found the following calls to attach():
File ‘doSNOW/R/doSNOW.R’:
attach(exportEnv)
See section ‘Good practice’ in ‘?attach’.
Flavors: r-devel-linux-x86_64-debian-clang, r-devel-linux-x86_64-debian-gcc, r-patched-linux-x86_64, r-release-linux-x86_64