Last updated on 2016-08-06 23:46:41.
Flavor | Version | Tinstall | Tcheck | Ttotal | Status | Flags |
---|---|---|---|---|---|---|
r-devel-linux-x86_64-debian-clang | 1.1.1 | 1.03 | 13.28 | 14.31 | NOTE | |
r-devel-linux-x86_64-debian-gcc | 1.1.1 | 0.98 | 13.91 | 14.89 | NOTE | |
r-devel-linux-x86_64-fedora-clang | 1.1.1 | 24.03 | NOTE | |||
r-devel-linux-x86_64-fedora-gcc | 1.1.1 | 22.76 | NOTE | |||
r-devel-osx-x86_64-clang | 1.1.1 | 20.96 | NOTE | |||
r-devel-windows-ix86+x86_64 | 1.1.1 | 15.00 | 49.00 | 64.00 | NOTE | |
r-patched-linux-x86_64 | 1.1.1 | 0.96 | 12.97 | 13.92 | NOTE | |
r-patched-solaris-sparc | 1.1.1 | 144.80 | NOTE | |||
r-patched-solaris-x86 | 1.1.1 | 31.20 | NOTE | |||
r-release-linux-x86_64 | 1.1.1 | 1.30 | 13.61 | 14.91 | NOTE | |
r-release-osx-x86_64-mavericks | 1.1.1 | NOTE | ||||
r-release-windows-ix86+x86_64 | 1.1.1 | 13.00 | 55.00 | 68.00 | NOTE | |
r-oldrel-windows-ix86+x86_64 | 1.1.1 | 12.00 | 53.00 | 65.00 | NOTE |
Version: 1.1.1
Check: DESCRIPTION meta-information
Result: NOTE
Malformed Description field: should contain one or more complete sentences.
Flavors: r-devel-linux-x86_64-debian-clang, r-devel-linux-x86_64-debian-gcc, r-devel-linux-x86_64-fedora-clang, r-devel-linux-x86_64-fedora-gcc, r-devel-osx-x86_64-clang, r-devel-windows-ix86+x86_64, r-patched-linux-x86_64, r-patched-solaris-sparc, r-patched-solaris-x86, r-release-linux-x86_64, r-release-osx-x86_64-mavericks, r-release-windows-ix86+x86_64, r-oldrel-windows-ix86+x86_64
Version: 1.1.1
Check: R code for possible problems
Result: NOTE
.info: no visible global function definition for ‘packageDescription’
redisWorker: no visible global function definition for ‘flush.console’
Undefined global functions or variables:
flush.console packageDescription
Consider adding
importFrom("utils", "flush.console", "packageDescription")
to your NAMESPACE file.
Flavors: r-devel-linux-x86_64-debian-clang, r-devel-linux-x86_64-debian-gcc, r-devel-linux-x86_64-fedora-clang, r-devel-linux-x86_64-fedora-gcc, r-devel-osx-x86_64-clang, r-devel-windows-ix86+x86_64, r-patched-linux-x86_64, r-patched-solaris-sparc, r-patched-solaris-x86, r-release-linux-x86_64, r-release-osx-x86_64-mavericks, r-release-windows-ix86+x86_64