Last updated on 2016-08-06 23:46:37.
Flavor | Version | Tinstall | Tcheck | Ttotal | Status | Flags |
---|---|---|---|---|---|---|
r-devel-linux-x86_64-debian-clang | 1.0 | 0.40 | 1.62 | 2.01 | ERROR | |
r-devel-linux-x86_64-debian-gcc | 1.0 | 0.84 | 33.57 | 34.41 | OK | |
r-devel-linux-x86_64-fedora-clang | 1.0 | 60.49 | OK | |||
r-devel-linux-x86_64-fedora-gcc | 1.0 | 57.22 | OK | |||
r-devel-osx-x86_64-clang | 1.0 | 48.91 | OK | |||
r-devel-windows-ix86+x86_64 | 1.0 | 4.00 | 87.00 | 91.00 | OK | |
r-patched-linux-x86_64 | 1.0 | 0.78 | 32.88 | 33.66 | OK | |
r-patched-solaris-sparc | 1.0 | 399.50 | OK | |||
r-patched-solaris-x86 | 1.0 | 83.70 | OK | |||
r-release-linux-x86_64 | 1.0 | 0.97 | 33.10 | 34.07 | OK | |
r-release-osx-x86_64-mavericks | 1.0 | OK | ||||
r-release-windows-ix86+x86_64 | 1.0 | 4.00 | 80.00 | 84.00 | OK | |
r-oldrel-windows-ix86+x86_64 | 1.0 | 5.00 | 81.00 | 86.00 | OK |
Version: 1.0
Check: package dependencies
Result: ERROR
Packages required but not available: ‘gRbase’ ‘gRain’
See section ‘The DESCRIPTION file’ in the ‘Writing R Extensions’
manual.
Flavor: r-devel-linux-x86_64-debian-clang