CRAN Package Check Results for Package ahaz

Last updated on 2016-08-06 23:46:35.

Flavor Version Tinstall Tcheck Ttotal Status Flags
r-devel-linux-x86_64-debian-clang 1.14 3.81 38.01 41.83 NOTE
r-devel-linux-x86_64-debian-gcc 1.14 3.63 38.05 41.67 NOTE
r-devel-linux-x86_64-fedora-clang 1.14 80.77 NOTE
r-devel-linux-x86_64-fedora-gcc 1.14 77.33 NOTE
r-devel-osx-x86_64-clang 1.14 64.40 NOTE
r-devel-windows-ix86+x86_64 1.14 14.00 116.00 130.00 NOTE
r-patched-linux-x86_64 1.14 3.52 36.39 39.91 NOTE
r-patched-solaris-sparc 1.14 476.90 NOTE
r-patched-solaris-x86 1.14 102.00 NOTE
r-release-linux-x86_64 1.14 3.96 37.90 41.87 NOTE
r-release-osx-x86_64-mavericks 1.14 NOTE
r-release-windows-ix86+x86_64 1.14 13.00 116.00 129.00 NOTE
r-oldrel-windows-ix86+x86_64 1.14 15.00 115.00 130.00 OK

Check Details

Version: 1.14
Check: R code for possible problems
Result: NOTE
    ahaz: no visible global function definition for ‘predict’
    ahaz.linterp: no visible global function definition for ‘approx’
    ahazpen: no visible global function definition for ‘new’
    coef.ahaz: no visible global function definition for ‘predict’
    coef.ahazpen: no visible global function definition for ‘predict’
    coef.tune.ahazpen: no visible global function definition for ‘predict’
    error.bars: no visible global function definition for ‘segments’
    plot.ahaz: no visible global function definition for ‘predict’
    plot.ahaz: no visible global function definition for ‘plot’
    plot.ahazpen: no visible global function definition for ‘matplot’
    plot.ahazpen: no visible global function definition for ‘axis’
    plot.ahazpen: no visible global function definition for ‘mtext’
    plot.cumahaz: no visible global function definition for ‘stepfun’
    plot.tune.ahazpen: no visible global function definition for ‘abline’
    plot.tune.ahazpen: no visible global function definition for ‘axis’
    plot.tune.ahazpen: no visible global function definition for ‘mtext’
    predict.tune.ahazpen: no visible global function definition for
     ‘predict’
    print.ahaz: no visible global function definition for ‘coef’
    print.summary.ahaz: no visible global function definition for
     ‘printCoefmat’
    residuals.ahaz: no visible global function definition for ‘predict’
    sscad.control : init.sol: no visible global function definition for
     ‘coef’
    summary.ahaz: no visible global function definition for ‘pchisq’
    summary.ahaz: no visible global function definition for ‘pnorm’
    tune.ahazpen: no visible global function definition for ‘coef’
    tune.ahazpen: no visible binding for global variable ‘sd’
    Undefined global functions or variables:
     abline approx axis coef matplot mtext new pchisq plot pnorm predict
     printCoefmat sd segments stepfun
    Consider adding
     importFrom("graphics", "abline", "axis", "matplot", "mtext", "plot",
     "segments")
     importFrom("methods", "new")
     importFrom("stats", "approx", "coef", "pchisq", "pnorm", "predict",
     "printCoefmat", "sd", "stepfun")
    to your NAMESPACE file (and ensure that your DESCRIPTION Imports field
    contains 'methods').
Flavors: r-devel-linux-x86_64-debian-clang, r-devel-linux-x86_64-debian-gcc, r-devel-linux-x86_64-fedora-clang, r-devel-linux-x86_64-fedora-gcc, r-devel-osx-x86_64-clang, r-devel-windows-ix86+x86_64, r-patched-linux-x86_64, r-patched-solaris-sparc, r-patched-solaris-x86, r-release-linux-x86_64, r-release-osx-x86_64-mavericks, r-release-windows-ix86+x86_64