Last updated on 2016-08-06 23:47:07.
Flavor | Version | Tinstall | Tcheck | Ttotal | Status | Flags |
---|---|---|---|---|---|---|
r-devel-linux-x86_64-debian-clang | 1.0.2 | 13.39 | 151.22 | 164.61 | OK | |
r-devel-linux-x86_64-debian-gcc | 1.0.2 | 12.56 | 150.81 | 163.38 | OK | |
r-devel-linux-x86_64-fedora-clang | 1.0.2 | 322.31 | OK | |||
r-devel-linux-x86_64-fedora-gcc | 1.0.2 | 314.63 | OK | |||
r-devel-osx-x86_64-clang | 1.0.2 | 249.86 | OK | |||
r-devel-windows-ix86+x86_64 | 1.0.2 | 43.00 | 230.00 | 273.00 | NOTE | |
r-patched-linux-x86_64 | 1.0.2 | 13.10 | 141.62 | 154.72 | OK | |
r-patched-solaris-sparc | 1.0.2 | 1638.80 | OK | |||
r-patched-solaris-x86 | 1.0.2 | 374.30 | OK | |||
r-release-linux-x86_64 | 1.0.2 | 13.83 | 145.31 | 159.14 | OK | |
r-release-osx-x86_64-mavericks | 1.0.2 | OK | ||||
r-release-windows-ix86+x86_64 | 1.0.2 | 40.00 | 197.00 | 237.00 | NOTE | |
r-oldrel-windows-ix86+x86_64 | 1.0.2 | 45.00 | 226.00 | 271.00 | NOTE |
Version: 1.0.2
Check: package dependencies
Result: NOTE
Package suggested but not available for checking: 'doMC'
Flavors: r-devel-windows-ix86+x86_64, r-release-windows-ix86+x86_64, r-oldrel-windows-ix86+x86_64