Last updated on 2016-08-06 23:47:05.
Flavor | Version | Tinstall | Tcheck | Ttotal | Status | Flags |
---|---|---|---|---|---|---|
r-devel-linux-x86_64-debian-clang | 1.0 | 7.78 | 47.56 | 55.34 | OK | |
r-devel-linux-x86_64-debian-gcc | 1.0 | 4.63 | 48.45 | 53.08 | OK | |
r-devel-linux-x86_64-fedora-clang | 1.0 | 102.17 | OK | |||
r-devel-linux-x86_64-fedora-gcc | 1.0 | 97.96 | OK | |||
r-devel-osx-x86_64-clang | 1.0 | 79.98 | OK | |||
r-devel-windows-ix86+x86_64 | 1.0 | 16.00 | 83.00 | 99.00 | OK | |
r-patched-linux-x86_64 | 1.0 | 4.25 | 45.91 | 50.16 | OK | |
r-patched-solaris-sparc | 1.0 | 586.70 | OK | |||
r-patched-solaris-x86 | 1.0 | 131.00 | OK | |||
r-release-linux-x86_64 | 1.0 | 4.26 | 46.69 | 50.95 | OK | |
r-release-osx-x86_64-mavericks | 1.0 | OK | ||||
r-release-windows-ix86+x86_64 | 1.0 | 4.00 | 5.00 | 9.00 | OK | |
r-oldrel-windows-ix86+x86_64 | 1.0 | 3.00 | 2.00 | 5.00 | ERROR |
Version: 1.0
Check: whether package can be installed
Result: ERROR
Installation failed.
Flavor: r-oldrel-windows-ix86+x86_64