CRAN Package Check Results for Package SSL

Last updated on 2016-08-06 23:47:03.

Flavor Version Tinstall Tcheck Ttotal Status Flags
r-devel-linux-x86_64-debian-clang 0.1 14.73 54.38 69.11 OK
r-devel-linux-x86_64-debian-gcc 0.1 16.39 52.96 69.35 OK
r-devel-linux-x86_64-fedora-clang 0.1 142.40 OK
r-devel-linux-x86_64-fedora-gcc 0.1 131.74 OK
r-devel-osx-x86_64-clang 0.1 106.22 OK
r-devel-windows-ix86+x86_64 0.1 57.00 127.00 184.00 OK
r-patched-linux-x86_64 0.1 12.19 50.88 63.07 OK
r-patched-solaris-sparc 0.1 754.60 OK
r-patched-solaris-x86 0.1 163.90 OK
r-release-linux-x86_64 0.1 12.27 52.17 64.45 OK
r-release-osx-x86_64-mavericks 0.1 OK
r-release-windows-ix86+x86_64 0.1 42.00 4.00 46.00 OK
r-oldrel-windows-ix86+x86_64 0.1 44.00 2.00 46.00 ERROR

Check Details

Version: 0.1
Check: whether package can be installed
Result: ERROR
    Installation failed.
Flavor: r-oldrel-windows-ix86+x86_64