CRAN Package Check Results for Package RXshrink

Last updated on 2016-08-06 23:47:01.

Flavor Version Tinstall Tcheck Ttotal Status Flags
r-devel-linux-x86_64-debian-clang 1.0-8 0.68 15.38 16.05 NOTE
r-devel-linux-x86_64-debian-gcc 1.0-8 0.70 15.78 16.48 NOTE
r-devel-linux-x86_64-fedora-clang 1.0-8 28.51 NOTE
r-devel-linux-x86_64-fedora-gcc 1.0-8 27.73 NOTE
r-devel-osx-x86_64-clang 1.0-8 22.09 NOTE
r-devel-windows-ix86+x86_64 1.0-8 3.00 33.00 36.00 NOTE
r-patched-linux-x86_64 1.0-8 0.75 15.05 15.80 NOTE
r-patched-solaris-sparc 1.0-8 157.70 NOTE
r-patched-solaris-x86 1.0-8 32.60 NOTE
r-release-linux-x86_64 1.0-8 0.83 15.55 16.37 NOTE
r-release-osx-x86_64-mavericks 1.0-8 NOTE
r-release-windows-ix86+x86_64 1.0-8 3.00 55.00 58.00 NOTE
r-oldrel-windows-ix86+x86_64 1.0-8 3.00 26.00 29.00 NOTE

Check Details

Version: 1.0-8
Check: dependencies in R code
Result: NOTE
    Package in Depends field not imported from: ‘lars’
     These packages need to be imported from (in the NAMESPACE file)
     for when this namespace is loaded but not attached.
Flavors: r-devel-linux-x86_64-debian-clang, r-devel-linux-x86_64-debian-gcc, r-devel-linux-x86_64-fedora-clang, r-devel-linux-x86_64-fedora-gcc, r-devel-osx-x86_64-clang, r-devel-windows-ix86+x86_64, r-patched-linux-x86_64, r-patched-solaris-sparc, r-patched-solaris-x86, r-release-linux-x86_64, r-release-osx-x86_64-mavericks, r-release-windows-ix86+x86_64, r-oldrel-windows-ix86+x86_64

Version: 1.0-8
Check: R code for possible problems
Result: NOTE
    RXlarlso: no visible global function definition for ‘lm’
    RXlarlso: no visible global function definition for ‘var’
    RXlarlso: no visible global function definition for ‘lars’
    RXridge: no visible global function definition for ‘lm’
    RXridge: no visible global function definition for ‘var’
    RXtrisk: no visible global function definition for ‘lm’
    RXtrisk: no visible global function definition for ‘var’
    RXtsimu: no visible global function definition for ‘lm’
    RXtsimu: no visible global function definition for ‘var’
    RXtsimu: no visible global function definition for ‘rnorm’
    RXuclars: no visible global function definition for ‘lm’
    RXuclars: no visible global function definition for ‘var’
    RXuclars: no visible global function definition for ‘lars’
    plot.RXlarlso: no visible global function definition for ‘par’
    plot.RXlarlso: no visible global function definition for ‘plot’
    plot.RXlarlso: no visible global function definition for ‘abline’
    plot.RXlarlso: no visible global function definition for ‘gray’
    plot.RXlarlso: no visible global function definition for ‘lines’
    plot.RXlarlso: no visible global function definition for ‘title’
    plot.RXlarlso: no visible global function definition for ‘legend’
    plot.RXridge: no visible global function definition for ‘par’
    plot.RXridge: no visible global function definition for ‘plot’
    plot.RXridge: no visible global function definition for ‘abline’
    plot.RXridge: no visible global function definition for ‘gray’
    plot.RXridge: no visible global function definition for ‘lines’
    plot.RXridge: no visible global function definition for ‘title’
    plot.RXridge: no visible global function definition for ‘legend’
    plot.RXtrisk: no visible global function definition for ‘par’
    plot.RXtrisk: no visible global function definition for ‘plot’
    plot.RXtrisk: no visible global function definition for ‘abline’
    plot.RXtrisk: no visible global function definition for ‘gray’
    plot.RXtrisk: no visible global function definition for ‘lines’
    plot.RXtrisk: no visible global function definition for ‘title’
    plot.RXtrisk: no visible global function definition for ‘legend’
    plot.RXtsimu: no visible global function definition for ‘par’
    plot.RXtsimu: no visible global function definition for ‘plot’
    plot.RXtsimu: no visible global function definition for ‘abline’
    plot.RXtsimu: no visible global function definition for ‘gray’
    plot.RXtsimu: no visible global function definition for ‘lines’
    plot.RXtsimu: no visible global function definition for ‘title’
    plot.RXtsimu: no visible global function definition for ‘legend’
    plot.RXuclars: no visible global function definition for ‘par’
    plot.RXuclars: no visible global function definition for ‘plot’
    plot.RXuclars: no visible global function definition for ‘abline’
    plot.RXuclars: no visible global function definition for ‘gray’
    plot.RXuclars: no visible global function definition for ‘lines’
    plot.RXuclars: no visible global function definition for ‘title’
    plot.RXuclars: no visible global function definition for ‘legend’
    Undefined global functions or variables:
     abline gray lars legend lines lm par plot rnorm title var
    Consider adding
     importFrom("grDevices", "gray")
     importFrom("graphics", "abline", "legend", "lines", "par", "plot",
     "title")
     importFrom("stats", "lm", "rnorm", "var")
    to your NAMESPACE file.
Flavors: r-devel-linux-x86_64-debian-clang, r-devel-linux-x86_64-debian-gcc, r-devel-linux-x86_64-fedora-clang, r-devel-linux-x86_64-fedora-gcc, r-devel-osx-x86_64-clang, r-devel-windows-ix86+x86_64, r-patched-linux-x86_64, r-patched-solaris-sparc, r-patched-solaris-x86, r-release-linux-x86_64, r-release-osx-x86_64-mavericks, r-release-windows-ix86+x86_64

Version: 1.0-8
Check: R code for possible problems
Result: NOTE
    RXlarlso: no visible global function definition for 'lars'
    RXuclars: no visible global function definition for 'lars'
Flavor: r-oldrel-windows-ix86+x86_64