CRAN Package Check Results for Package REEMtree

Last updated on 2016-08-06 23:46:58.

Flavor Version Tinstall Tcheck Ttotal Status Flags
r-devel-linux-x86_64-debian-clang 0.90.3 0.69 15.90 16.59 NOTE
r-devel-linux-x86_64-debian-gcc 0.90.3 0.80 16.33 17.13 NOTE
r-devel-linux-x86_64-fedora-clang 0.90.3 30.63 NOTE
r-devel-linux-x86_64-fedora-gcc 0.90.3 28.97 NOTE
r-devel-osx-x86_64-clang 0.90.3 26.09 NOTE
r-devel-windows-ix86+x86_64 0.90.3 5.00 46.00 51.00 NOTE
r-patched-linux-x86_64 0.90.3 0.75 16.13 16.87 NOTE
r-patched-solaris-sparc 0.90.3 195.70 NOTE
r-patched-solaris-x86 0.90.3 42.70 NOTE
r-release-linux-x86_64 0.90.3 0.80 16.37 17.17 NOTE
r-release-osx-x86_64-mavericks 0.90.3 NOTE
r-release-windows-ix86+x86_64 0.90.3 4.00 47.00 51.00 NOTE
r-oldrel-windows-ix86+x86_64 0.90.3 6.00 45.00 51.00 NOTE

Check Details

Version: 0.90.3
Check: R code for possible problems
Result: NOTE
    AutoCorrelationLRtest: no visible global function definition for
     ‘logLik’
    AutoCorrelationLRtest: no visible global function definition for
     ‘pchisq’
    REEMtree: no visible global function definition for ‘terms’
    REEMtree: no visible binding for global variable ‘SubsetVector’
    REEMtree: no visible global function definition for ‘predict’
    REEMtree: no visible global function definition for ‘logLik’
    fitted.REEMtree: no visible global function definition for ‘fitted’
    plot.REEMtree: no visible global function definition for ‘plot’
    predict.REEMtree: no visible global function definition for ‘predict’
    residuals.REEMtree: no visible global function definition for
     ‘residuals’
    Undefined global functions or variables:
     SubsetVector fitted logLik pchisq plot predict residuals terms
    Consider adding
     importFrom("graphics", "plot")
     importFrom("stats", "fitted", "logLik", "pchisq", "predict",
     "residuals", "terms")
    to your NAMESPACE file.
Flavors: r-devel-linux-x86_64-debian-clang, r-devel-linux-x86_64-debian-gcc, r-devel-linux-x86_64-fedora-clang, r-devel-linux-x86_64-fedora-gcc, r-devel-osx-x86_64-clang, r-devel-windows-ix86+x86_64, r-patched-linux-x86_64, r-patched-solaris-sparc, r-patched-solaris-x86, r-release-linux-x86_64, r-release-osx-x86_64-mavericks, r-release-windows-ix86+x86_64

Version: 0.90.3
Check: Rd line widths
Result: NOTE
    Rd file 'REEMtree.Rd':
     \usage lines wider than 90 characters:
     ErrorTolerance=0.001, MaxIterations=1000, verbose=FALSE, tree.control=rpart.control(),
     lme.control=lmeControl(returnObject=TRUE), method="REML", correlation=NULL)
    
    These lines will be truncated in the PDF manual.
Flavors: r-devel-linux-x86_64-debian-clang, r-devel-linux-x86_64-debian-gcc, r-devel-linux-x86_64-fedora-clang, r-devel-linux-x86_64-fedora-gcc, r-patched-linux-x86_64, r-release-linux-x86_64

Version: 0.90.3
Check: Rd \usage sections
Result: NOTE
    S3 methods shown with full name in documentation object 'fitted.REEMtree':
     ‘fitted.REEMtree’
    
    S3 methods shown with full name in documentation object 'logLik':
     ‘logLik.REEMtree’
    
    S3 methods shown with full name in documentation object 'plot':
     ‘plot.REEMtree’
    
    S3 methods shown with full name in documentation object 'predict':
     ‘predict.REEMtree’
    
    S3 methods shown with full name in documentation object 'print':
     ‘print.REEMtree’
    
    S3 methods shown with full name in documentation object 'ranef.REEMtree':
     ‘ranef.REEMtree’
    
    S3 methods shown with full name in documentation object 'residuals.REEMtree':
     ‘residuals.REEMtree’
    
    The \usage entries for S3 methods should use the \method markup and not
    their full name.
    See chapter ‘Writing R documentation files’ in the ‘Writing R
    Extensions’ manual.
Flavors: r-devel-linux-x86_64-debian-clang, r-devel-linux-x86_64-debian-gcc, r-devel-linux-x86_64-fedora-clang, r-devel-linux-x86_64-fedora-gcc, r-devel-osx-x86_64-clang, r-devel-windows-ix86+x86_64, r-patched-linux-x86_64, r-patched-solaris-sparc, r-patched-solaris-x86, r-release-linux-x86_64, r-release-osx-x86_64-mavericks, r-release-windows-ix86+x86_64, r-oldrel-windows-ix86+x86_64

Version: 0.90.3
Check: R code for possible problems
Result: NOTE
    REEMtree: no visible binding for global variable 'SubsetVector'
Flavor: r-oldrel-windows-ix86+x86_64