Last updated on 2016-08-06 23:46:53.
Flavor | Version | Tinstall | Tcheck | Ttotal | Status | Flags |
---|---|---|---|---|---|---|
r-devel-linux-x86_64-debian-clang | 0.1.0 | 0.89 | 36.19 | 37.08 | OK | |
r-devel-linux-x86_64-debian-gcc | 0.1.0 | 2.01 | 36.72 | 38.73 | OK | |
r-devel-linux-x86_64-fedora-clang | 0.1.0 | 70.23 | NOTE | |||
r-devel-linux-x86_64-fedora-gcc | 0.1.0 | 68.73 | NOTE | |||
r-devel-osx-x86_64-clang | 0.1.0 | 57.91 | NOTE | |||
r-devel-windows-ix86+x86_64 | 0.1.0 | 4.00 | 84.00 | 88.00 | OK | |
r-patched-linux-x86_64 | 0.1.0 | 1.00 | 35.33 | 36.33 | OK | |
r-patched-solaris-sparc | 0.1.0 | 394.10 | NOTE | |||
r-patched-solaris-x86 | 0.1.0 | 78.80 | NOTE | |||
r-release-linux-x86_64 | 0.1.0 | 1.07 | 36.92 | 37.99 | OK | |
r-release-osx-x86_64-mavericks | 0.1.0 | ERROR | ||||
r-release-windows-ix86+x86_64 | 0.1.0 | 5.00 | 84.00 | 89.00 | OK |
Version: 0.1.0
Check: dependencies in R code
Result: NOTE
Namespace in Imports field not imported from: ‘rJava’
All declared Imports should be used.
Flavors: r-devel-linux-x86_64-fedora-clang, r-devel-linux-x86_64-fedora-gcc, r-devel-osx-x86_64-clang, r-patched-solaris-sparc, r-patched-solaris-x86, r-release-osx-x86_64-mavericks
Version: 0.1.0
Check: examples
Result: ERROR
Running examples in ‘NoiseFiltersR-Ex.R’ failed
The error most likely occurred in:
> ### Name: EF
> ### Title: Ensemble Filter
> ### Aliases: EF EF.default EF.formula
>
> ### ** Examples
>
> data(iris)
> # We fix a seed since there exists a random partition for the ensemble
> set.seed(1)
> out <- EF(Species~., data = iris, consensus = FALSE)
Error in .jnew("weka/core/Attribute", attname[i], .jcast(levels, "java/util/List")) :
java.lang.UnsupportedClassVersionError: weka/core/Attribute : Unsupported major.minor version 51.0
Calls: EF ... read_model_frame_into_Weka -> read_data_into_Weka -> .jnew -> .External
Execution halted
Flavor: r-release-osx-x86_64-mavericks
Version: 0.1.0
Check: re-building of vignette outputs
Result: WARN
Error in re-building vignettes:
...
Quitting from lines 190-198 (NoiseFiltersR.Rnw)
Error: processing vignette 'NoiseFiltersR.Rnw' failed with diagnostics:
java.lang.UnsupportedClassVersionError: weka/core/Attribute : Unsupported major.minor version 51.0
Execution halted
Flavor: r-release-osx-x86_64-mavericks