Last updated on 2016-08-06 23:46:47.
Flavor | Version | Tinstall | Tcheck | Ttotal | Status | Flags |
---|---|---|---|---|---|---|
r-devel-linux-x86_64-debian-clang | 1.0-5 | 1.85 | 109.07 | 110.92 | OK | |
r-devel-linux-x86_64-debian-gcc | 1.0-5 | 1.73 | 112.16 | 113.89 | OK | |
r-devel-linux-x86_64-fedora-clang | 1.0-5 | 205.01 | OK | |||
r-devel-linux-x86_64-fedora-gcc | 1.0-5 | 198.86 | OK | |||
r-devel-osx-x86_64-clang | 1.0-5 | 154.92 | OK | |||
r-devel-windows-ix86+x86_64 | 1.0-5 | 11.00 | 58.00 | 69.00 | OK | --no-vignettes |
r-patched-linux-x86_64 | 1.0-5 | 1.76 | 108.20 | 109.96 | OK | |
r-patched-solaris-sparc | 1.0-5 | 1172.60 | NOTE | |||
r-patched-solaris-x86 | 1.0-5 | 226.00 | NOTE | |||
r-release-linux-x86_64 | 1.0-5 | 1.89 | 113.42 | 115.31 | OK | |
r-release-osx-x86_64-mavericks | 1.0-5 | OK | ||||
r-release-windows-ix86+x86_64 | 1.0-5 | 11.00 | 72.00 | 83.00 | OK | --no-vignettes |
r-oldrel-windows-ix86+x86_64 | 1.0-5 | 15.00 | 61.00 | 76.00 | OK | --no-vignettes |
Version: 1.0-5
Check: installed package size
Result: NOTE
installed size is 5.5Mb
sub-directories of 1Mb or more:
doc 4.0Mb
Flavors: r-patched-solaris-sparc, r-patched-solaris-x86