CRAN Package Check Results for Package FinancialInstrument

Last updated on 2016-08-06 23:46:44.

Flavor Version Tinstall Tcheck Ttotal Status Flags
r-devel-linux-x86_64-debian-clang 1.2.0 1.49 30.20 31.69 NOTE
r-devel-linux-x86_64-debian-gcc 1.2.0 1.59 30.56 32.15 NOTE
r-devel-linux-x86_64-fedora-clang 1.2.0 56.36 NOTE
r-devel-linux-x86_64-fedora-gcc 1.2.0 53.02 NOTE
r-devel-osx-x86_64-clang 1.2.0 48.81 NOTE
r-devel-windows-ix86+x86_64 1.2.0 8.00 71.00 79.00 NOTE
r-patched-linux-x86_64 1.2.0 1.90 30.24 32.14 NOTE
r-patched-solaris-sparc 1.2.0 357.00 NOTE
r-patched-solaris-x86 1.2.0 69.90 NOTE
r-release-linux-x86_64 1.2.0 1.92 32.31 34.24 NOTE
r-release-osx-x86_64-mavericks 1.2.0 NOTE
r-release-windows-ix86+x86_64 1.2.0 8.00 69.00 77.00 NOTE
r-oldrel-windows-ix86+x86_64 1.2.0 9.00 52.00 61.00 NOTE

Check Details

Version: 1.2.0
Check: dependencies in R code
Result: NOTE
    'library' or 'require' calls in package code:
     ‘XML’ ‘foreach’ ‘its’ ‘timeSeries’ ‘utils’
     Please use :: or requireNamespace() instead.
     See section 'Suggested packages' in the 'Writing R Extensions' manual.
Flavors: r-devel-linux-x86_64-debian-clang, r-devel-linux-x86_64-debian-gcc, r-devel-linux-x86_64-fedora-clang, r-devel-linux-x86_64-fedora-gcc, r-devel-osx-x86_64-clang, r-devel-windows-ix86+x86_64, r-patched-linux-x86_64, r-patched-solaris-sparc, r-patched-solaris-x86, r-release-linux-x86_64, r-release-osx-x86_64-mavericks, r-release-windows-ix86+x86_64, r-oldrel-windows-ix86+x86_64

Version: 1.2.0
Check: R code for possible problems
Result: NOTE
    ICS_root : getfirst: no visible global function definition for
     ‘na.omit’
    buildBasket: no visible global function definition for ‘start’
    buildBasket: no visible global function definition for ‘end’
    buildSpread: no visible global function definition for ‘start’
    buildSpread: no visible global function definition for ‘end’
    build_spread_symbols: no visible global function definition for
     ‘read.csv’
    build_spread_symbols: no visible global function definition for
     ‘write.csv’
    convert.time.series: no visible global function definition for ‘as.ts’
    currency: no visible global function definition for ‘hasArg’
    expires.xts: no visible global function definition for ‘end’
    expires.xts: no visible global function definition for ‘na.omit’
    fn_SpreadBuilder : fn_split: no visible global function definition for
     ‘na.omit’
    fn_SpreadBuilder: no visible global function definition for ‘na.omit’
    getSymbols.FI: no visible global function definition for ‘hasArg’
    instrument: no visible global function definition for ‘hasArg’
    instrument: no visible global function definition for ‘tail’
    load.instruments: no visible global function definition for ‘read.csv’
    loadInstruments: no visible global function definition for ‘tail’
    print.id.list: no visible global function definition for ‘str’
    print.instrument: no visible global function definition for ‘str’
    print.suffix.list: no visible global function definition for ‘str’
    redenominate: no visible global function definition for ‘na.omit’
    saveInstruments: no visible global function definition for ‘tail’
    update_instruments.SPDR: no visible global function definition for
     ‘download.file’
    update_instruments.SPDR: no visible global function definition for
     ‘read.csv’
    update_instruments.iShares: no visible global function definition for
     ‘download.file’
    update_instruments.iShares: no visible global function definition for
     ‘read.csv’
    update_instruments.iShares: no visible global function definition for
     ‘read.delim’
    update_instruments.masterDATA: no visible global function definition
     for ‘read.csv’
    update_instruments.md: no visible global function definition for
     ‘read.csv’
    update_instruments.yahoo: no visible global function definition for
     ‘hasArg’
    update_instruments.yahoo: no visible global function definition for
     ‘na.omit’
    Undefined global functions or variables:
     as.ts download.file end hasArg na.omit read.csv read.delim start str
     tail write.csv
    Consider adding
     importFrom("methods", "hasArg")
     importFrom("stats", "as.ts", "end", "na.omit", "start")
     importFrom("utils", "download.file", "read.csv", "read.delim", "str",
     "tail", "write.csv")
    to your NAMESPACE file (and ensure that your DESCRIPTION Imports field
    contains 'methods').
Flavors: r-devel-linux-x86_64-debian-clang, r-devel-linux-x86_64-debian-gcc, r-devel-linux-x86_64-fedora-clang, r-devel-linux-x86_64-fedora-gcc, r-devel-osx-x86_64-clang, r-devel-windows-ix86+x86_64, r-patched-linux-x86_64, r-patched-solaris-sparc, r-patched-solaris-x86, r-release-linux-x86_64, r-release-osx-x86_64-mavericks, r-release-windows-ix86+x86_64