Last updated on 2016-08-06 23:46:43.
Flavor | Version | Tinstall | Tcheck | Ttotal | Status | Flags |
---|---|---|---|---|---|---|
r-devel-linux-x86_64-debian-clang | 1.0 | 4.18 | 43.77 | 47.95 | OK | |
r-devel-linux-x86_64-debian-gcc | 1.0 | 4.36 | 44.40 | 48.76 | OK | |
r-devel-linux-x86_64-fedora-clang | 1.0 | 97.06 | OK | |||
r-devel-linux-x86_64-fedora-gcc | 1.0 | 93.22 | OK | |||
r-devel-osx-x86_64-clang | 1.0 | 75.17 | OK | |||
r-devel-windows-ix86+x86_64 | 1.0 | 15.00 | 89.00 | 104.00 | OK | |
r-patched-linux-x86_64 | 1.0 | 4.06 | 42.60 | 46.65 | OK | |
r-patched-solaris-sparc | 1.0 | 549.80 | OK | |||
r-patched-solaris-x86 | 1.0 | 122.50 | OK | |||
r-release-linux-x86_64 | 1.0 | 3.94 | 46.38 | 50.32 | OK | |
r-release-osx-x86_64-mavericks | 1.0 | OK | ||||
r-release-windows-ix86+x86_64 | 1.0 | 2.00 | 7.00 | 9.00 | ERROR | |
r-oldrel-windows-ix86+x86_64 | 1.0 | 3.00 | 4.00 | 7.00 | ERROR |
Version: 1.0
Check: whether package can be installed
Result: ERROR
Installation failed.
Flavors: r-release-windows-ix86+x86_64, r-oldrel-windows-ix86+x86_64