CRAN Package Check Results for Package lava.tobit

Last updated on 2016-02-26 00:47:31.

Flavor Version Tinstall Tcheck Ttotal Status Flags
r-devel-linux-x86_64-debian-gcc 0.4-7 0.69 12.26 12.95 NOTE
r-devel-linux-x86_64-fedora-clang 0.4-7 23.10 NOTE
r-devel-linux-x86_64-fedora-gcc 0.4-7 21.87 NOTE
r-devel-osx-x86_64-clang 0.4-7 25.43 NOTE
r-devel-windows-ix86+x86_64 0.4-7 3.00 26.00 29.00 NOTE
r-patched-linux-x86_64 0.4-7 0.81 12.89 13.69 NOTE
r-patched-solaris-sparc 0.4-7 152.20 NOTE
r-patched-solaris-x86 0.4-7 33.80 NOTE
r-release-linux-x86_64 0.4-7 0.77 13.01 13.77 NOTE
r-release-osx-x86_64-mavericks 0.4-7 NOTE
r-release-windows-ix86+x86_64 0.4-7 4.00 34.00 38.00 NOTE
r-oldrel-windows-ix86+x86_64 0.4-7 6.00 30.00 36.00 NOTE

Check Details

Version: 0.4-7
Check: DESCRIPTION meta-information
Result: NOTE
    Malformed Description field: should contain one or more complete sentences.
Flavors: r-devel-linux-x86_64-debian-gcc, r-devel-linux-x86_64-fedora-clang, r-devel-linux-x86_64-fedora-gcc, r-devel-osx-x86_64-clang, r-devel-windows-ix86+x86_64, r-patched-linux-x86_64, r-patched-solaris-sparc, r-patched-solaris-x86, r-release-linux-x86_64, r-release-osx-x86_64-mavericks, r-release-windows-ix86+x86_64

Version: 0.4-7
Check: dependencies in R code
Result: NOTE
    'library' or 'require' calls to packages already attached by Depends:
     ‘mvtnorm’ ‘survival’
     Please remove these calls from your code.
    Packages in Depends field not imported from:
     ‘lava’ ‘mvtnorm’ ‘survival’
     These packages need to be imported from (in the NAMESPACE file)
     for when this namespace is loaded but not attached.
Flavors: r-devel-linux-x86_64-debian-gcc, r-devel-linux-x86_64-fedora-clang, r-devel-linux-x86_64-fedora-gcc, r-devel-osx-x86_64-clang, r-devel-windows-ix86+x86_64, r-patched-linux-x86_64, r-patched-solaris-sparc, r-patched-solaris-x86, r-release-linux-x86_64, r-release-osx-x86_64-mavericks, r-release-windows-ix86+x86_64, r-oldrel-windows-ix86+x86_64

Version: 0.4-7
Check: R code for possible problems
Result: NOTE
    .onAttach: no visible global function definition for ‘addhook’
    .onAttach: no visible global function definition for ‘lava.options’
    Dpmvnorm: no visible global function definition for ‘lava.options’
    Dpmvnorm: no visible global function definition for ‘runif’
    Dpmvnorm: no visible global function definition for ‘dnorm’
    Dpmvnorm: no visible global function definition for ‘pmvnorm’
    Dpmvnorm: no visible global function definition for ‘dmvnorm’
    Dpmvnorm: no visible global function definition for ‘Inverse’
    Dthetapmvnorm: no visible global function definition for ‘lava.options’
    Dthetapmvnorm: no visible global function definition for ‘runif’
    Dthetapmvnorm: no visible global function definition for ‘Inverse’
    Dthetapmvnorm : S0: no visible global function definition for ‘pmvnorm’
    binary.lvm: no visible global function definition for ‘covfix<-’
    cens.score: no visible global function definition for ‘Inverse’
    clprobit: no visible global function definition for ‘endogenous’
    clprobit: no visible global function definition for ‘is.Surv’
    clprobit: no visible global function definition for ‘combn’
    clprobit: no visible global function definition for ‘estimate’
    clprobit: no visible global function definition for ‘score’
    clprobit: no visible global function definition for ‘vcov’
    clprobit: no visible global function definition for ‘pnorm’
    lava.tobit.color.hook: no visible global function definition for ‘vars’
    lava.tobit.estimate.hook: no visible global function definition for
     ‘endogenous’
    lava.tobit.estimate.hook: no visible global function definition for
     ‘lava.options’
    lava.tobit.estimate.hook: no visible global function definition for
     ‘is.Surv’
    mom.cens: no visible global function definition for ‘moments’
    mom.cens: no visible global function definition for ‘Inverse’
    plotres: no visible global function definition for ‘endogenous’
    plotres: no visible global function definition for ‘residuals’
    plotres: no visible global function definition for ‘Weight’
    plotres: no visible global function definition for ‘Surv’
    plotres: no visible global function definition for ‘survfit’
    plotres: no visible global function definition for ‘lines’
    plotres: no visible global function definition for ‘pnorm’
    tobit_gradient.lvm: no visible global function definition for
     ‘lava.options’
    tobit_gradient.lvm: no visible global function definition for ‘runif’
    tobit_gradient.lvm: no visible global function definition for
     ‘manifest’
    tobit_gradient.lvm: no visible global function definition for
     ‘endogenous’
    tobit_logLik.lvm: no visible binding for global variable
     ‘gaussian_logLik.lvm’
    tobit_objective.lvm: no visible global function definition for
     ‘lava.options’
    tobit_objective.lvm: no visible global function definition for ‘runif’
    tobit_objective.lvm: no visible global function definition for
     ‘manifest’
    tobit_objective.lvm: no visible global function definition for
     ‘endogenous’
    tobit_objective.lvm: no visible global function definition for
     ‘modelVar’
    tobit_objective.lvm: no visible global function definition for
     ‘dmvnorm’
    tobit_objective.lvm : <anonymous>: no visible global function
     definition for ‘pmvnorm’
    tobit_objective.lvm: no visible global function definition for
     ‘pmvnorm’
    tobitw_gradient.lvm: no visible global function definition for
     ‘lava.options’
    tobitw_gradient.lvm: no visible global function definition for ‘runif’
    tobitw_gradient.lvm: no visible global function definition for
     ‘manifest’
    tobitw_gradient.lvm: no visible global function definition for
     ‘endogenous’
    Undefined global functions or variables:
     Inverse Surv Weight addhook combn covfix<- dmvnorm dnorm endogenous
     estimate gaussian_logLik.lvm is.Surv lava.options lines manifest
     modelVar moments pmvnorm pnorm residuals runif score survfit vars
     vcov
    Consider adding
     importFrom("graphics", "lines")
     importFrom("stats", "dnorm", "pnorm", "residuals", "runif", "vcov")
     importFrom("utils", "combn")
    to your NAMESPACE file.
Flavors: r-devel-linux-x86_64-debian-gcc, r-devel-linux-x86_64-fedora-clang, r-devel-linux-x86_64-fedora-gcc, r-devel-osx-x86_64-clang, r-devel-windows-ix86+x86_64

Version: 0.4-7
Check: R code for possible problems
Result: NOTE
    .onAttach: no visible global function definition for ‘addhook’
    .onAttach: no visible global function definition for ‘lava.options’
    Dpmvnorm: no visible global function definition for ‘lava.options’
    Dpmvnorm: no visible global function definition for ‘pmvnorm’
    Dpmvnorm: no visible global function definition for ‘dmvnorm’
    Dpmvnorm: no visible global function definition for ‘Inverse’
    Dthetapmvnorm: no visible global function definition for ‘lava.options’
    Dthetapmvnorm: no visible global function definition for ‘Inverse’
    Dthetapmvnorm : S0: no visible global function definition for ‘pmvnorm’
    binary.lvm: no visible global function definition for ‘covfix<-’
    cens.score: no visible global function definition for ‘Inverse’
    clprobit: no visible global function definition for ‘endogenous’
    clprobit: no visible global function definition for ‘is.Surv’
    clprobit: no visible global function definition for ‘estimate’
    clprobit: no visible global function definition for ‘score’
    lava.tobit.color.hook: no visible global function definition for ‘vars’
    lava.tobit.estimate.hook: no visible global function definition for
     ‘endogenous’
    lava.tobit.estimate.hook: no visible global function definition for
     ‘lava.options’
    lava.tobit.estimate.hook: no visible global function definition for
     ‘is.Surv’
    mom.cens: no visible global function definition for ‘moments’
    mom.cens: no visible global function definition for ‘Inverse’
    plotres: no visible global function definition for ‘endogenous’
    plotres: no visible global function definition for ‘Weight’
    plotres: no visible global function definition for ‘Surv’
    plotres: no visible global function definition for ‘survfit’
    tobit_gradient.lvm: no visible global function definition for
     ‘lava.options’
    tobit_gradient.lvm: no visible global function definition for
     ‘manifest’
    tobit_gradient.lvm: no visible global function definition for
     ‘endogenous’
    tobit_logLik.lvm: no visible binding for global variable
     ‘gaussian_logLik.lvm’
    tobit_objective.lvm: no visible global function definition for
     ‘lava.options’
    tobit_objective.lvm: no visible global function definition for
     ‘manifest’
    tobit_objective.lvm: no visible global function definition for
     ‘endogenous’
    tobit_objective.lvm: no visible global function definition for
     ‘modelVar’
    tobit_objective.lvm: no visible global function definition for
     ‘dmvnorm’
    tobit_objective.lvm : <anonymous>: no visible global function
     definition for ‘pmvnorm’
    tobit_objective.lvm: no visible global function definition for
     ‘pmvnorm’
    tobitw_gradient.lvm: no visible global function definition for
     ‘lava.options’
    tobitw_gradient.lvm: no visible global function definition for
     ‘manifest’
    tobitw_gradient.lvm: no visible global function definition for
     ‘endogenous’
Flavors: r-patched-linux-x86_64, r-patched-solaris-sparc, r-patched-solaris-x86, r-release-linux-x86_64, r-release-osx-x86_64-mavericks, r-release-windows-ix86+x86_64, r-oldrel-windows-ix86+x86_64