Last updated on 2016-02-26 00:47:30.
Flavor | Version | Tinstall | Tcheck | Ttotal | Status | Flags |
---|---|---|---|---|---|---|
r-devel-linux-x86_64-debian-gcc | 1.0-5 | 1.71 | 92.39 | 94.10 | OK | |
r-devel-linux-x86_64-fedora-clang | 1.0-5 | 187.07 | OK | |||
r-devel-linux-x86_64-fedora-gcc | 1.0-5 | 180.87 | OK | |||
r-devel-osx-x86_64-clang | 1.0-5 | 215.18 | OK | |||
r-devel-windows-ix86+x86_64 | 1.0-5 | 12.00 | 37.00 | 49.00 | OK | --no-vignettes |
r-patched-linux-x86_64 | 1.0-5 | 1.74 | 145.16 | 146.90 | OK | |
r-patched-solaris-sparc | 1.0-5 | 3985.40 | NOTE | |||
r-patched-solaris-x86 | 1.0-5 | 396.90 | NOTE | |||
r-release-linux-x86_64 | 1.0-5 | 1.70 | 145.16 | 146.86 | OK | |
r-release-osx-x86_64-mavericks | 1.0-5 | OK | ||||
r-release-windows-ix86+x86_64 | 1.0-5 | 12.00 | 40.00 | 52.00 | OK | --no-vignettes |
r-oldrel-windows-ix86+x86_64 | 1.0-5 | 13.00 | 56.00 | 69.00 | OK | --no-vignettes |
Version: 1.0-5
Check: installed package size
Result: NOTE
installed size is 5.5Mb
sub-directories of 1Mb or more:
doc 4.0Mb
Flavors: r-patched-solaris-sparc, r-patched-solaris-x86