Last updated on 2014-10-02 01:48:31.
Flavor | Version | Tinstall | Tcheck | Ttotal | Status | Flags |
---|---|---|---|---|---|---|
r-devel-linux-x86_64-debian-clang | 1.0-22 | 5.20 | 26.89 | 32.09 | WARN | |
r-devel-linux-x86_64-debian-gcc | 1.0-22 | 5.25 | 25.66 | 30.90 | WARN | |
r-devel-linux-x86_64-fedora-clang | 1.0-22 | 70.14 | WARN | |||
r-devel-linux-x86_64-fedora-gcc | 1.0-22 | 57.31 | WARN | |||
r-devel-osx-x86_64-clang | 1.0-22 | 57.98 | WARN | |||
r-devel-windows-ix86+x86_64 | 1.0-22 | 29.00 | 52.00 | 81.00 | WARN | |
r-patched-linux-x86_64 | 1.0-22 | 5.37 | 28.14 | 33.51 | WARN | |
r-patched-solaris-sparc | 1.0-22 | 365.60 | WARN | |||
r-patched-solaris-x86 | 1.0-22 | 81.50 | WARN | |||
r-release-linux-ix86 | 1.0-22 | 7.45 | 41.36 | 48.81 | OK | |
r-release-linux-x86_64 | 1.0-22 | 5.32 | 27.75 | 33.07 | OK | |
r-release-osx-x86_64-mavericks | 1.0-22 | OK | ||||
r-release-osx-x86_64-snowleopard | 1.0-22 | OK | ||||
r-release-windows-ix86+x86_64 | 1.0-22 | 30.00 | 57.00 | 87.00 | OK | |
r-oldrel-windows-ix86+x86_64 | 1.0-22 | 30.00 | 57.00 | 87.00 | OK |
Version: 1.0-22
Check: dependencies in R code
Result: WARN
'library' or 'require' call not declared from: ‘parallel’
See the information on DESCRIPTION files in the chapter ‘Creating R
packages’ of the ‘Writing R Extensions’ manual.
Flavors: r-devel-linux-x86_64-debian-clang, r-devel-linux-x86_64-debian-gcc, r-devel-linux-x86_64-fedora-clang, r-devel-linux-x86_64-fedora-gcc, r-devel-osx-x86_64-clang, r-devel-windows-ix86+x86_64, r-patched-linux-x86_64, r-patched-solaris-sparc, r-patched-solaris-x86
Version: 1.0-22
Check: R code for possible problems
Result: NOTE
errorStats : fsee: no visible global function definition for ‘gam’
varSelection: no visible binding for global variable ‘mclapply’
yai : msn3cntr: no visible global function definition for ‘fastMAD’
yai: no visible binding for global variable ‘ccaGrid’
yai: no visible binding for global variable ‘ccaProj’
yai: no visible global function definition for ‘fastICA’
yai: no visible global function definition for ‘cca’
yai: no visible global function definition for ‘rda’
yai: no visible global function definition for ‘randomForest’
yaiVarImp: no visible global function definition for ‘importance’
Flavors: r-devel-linux-x86_64-debian-clang, r-devel-linux-x86_64-debian-gcc, r-devel-linux-x86_64-fedora-clang, r-devel-linux-x86_64-fedora-gcc, r-devel-osx-x86_64-clang, r-devel-windows-ix86+x86_64