Last updated on 2014-10-02 01:48:31.
Flavor | Version | Tinstall | Tcheck | Ttotal | Status | Flags |
---|---|---|---|---|---|---|
r-devel-linux-x86_64-debian-clang | 1.7-4 | 1.39 | 16.88 | 18.27 | OK | |
r-devel-linux-x86_64-debian-gcc | 1.7-4 | 0.79 | 16.59 | 17.38 | OK | |
r-devel-linux-x86_64-fedora-clang | 1.7-4 | 35.67 | OK | |||
r-devel-linux-x86_64-fedora-gcc | 1.7-4 | 34.15 | OK | |||
r-devel-osx-x86_64-clang | 1.7-4 | 38.09 | OK | |||
r-devel-windows-ix86+x86_64 | 1.7-4 | 3.00 | 29.00 | 32.00 | OK | |
r-patched-linux-x86_64 | 1.7-4 | 0.84 | 17.34 | 18.17 | OK | |
r-patched-solaris-sparc | 1.7-4 | 171.10 | OK | |||
r-patched-solaris-x86 | 1.7-4 | 47.50 | OK | |||
r-release-linux-ix86 | 1.7-4 | 0.93 | 28.51 | 29.44 | OK | |
r-release-linux-x86_64 | 1.7-4 | 1.40 | 16.76 | 18.15 | OK | |
r-release-osx-x86_64-mavericks | 1.7-4 | NOTE | ||||
r-release-osx-x86_64-snowleopard | 1.7-4 | OK | ||||
r-release-windows-ix86+x86_64 | 1.7-4 | 2.00 | 25.00 | 27.00 | OK | |
r-oldrel-windows-ix86+x86_64 | 1.7-4 | 2.00 | 32.00 | 34.00 | OK |
Version: 1.7-4
Check: re-building of vignette outputs
Result: NOTE
Error in re-building vignettes:
...
Error in texi2dvi(file = file, pdf = TRUE, clean = clean, quiet = quiet, :
Running 'texi2dvi' on 'margintable.tex' failed.
LaTeX errors:
! LaTeX Error: File `tufte-handout.cls' not found.
Type X to quit or <RETURN> to proceed,
or enter new name. (Default extension: cls)
test/xtable/vignettes/margintable.tex:6: ==> Fatal error occurred, no output P
DF file produced!
Calls: buildVignettes -> texi2pdf -> texi2dvi
Execution halted
Flavor: r-release-osx-x86_64-mavericks