Last updated on 2014-10-02 01:48:31.
Flavor | Version | Tinstall | Tcheck | Ttotal | Status | Flags |
---|---|---|---|---|---|---|
r-devel-linux-x86_64-debian-clang | 0.6.1 | 2.15 | 17.30 | 19.44 | NOTE | |
r-devel-linux-x86_64-debian-gcc | 0.6.1 | 1.87 | 16.63 | 18.50 | NOTE | |
r-devel-linux-x86_64-fedora-clang | 0.6.1 | 39.05 | NOTE | |||
r-devel-linux-x86_64-fedora-gcc | 0.6.1 | 37.21 | NOTE | |||
r-devel-osx-x86_64-clang | 0.6.1 | 37.09 | NOTE | |||
r-devel-windows-ix86+x86_64 | 0.6.1 | 7.00 | 28.00 | 35.00 | NOTE | |
r-patched-linux-x86_64 | 0.6.1 | 2.19 | 17.95 | 20.14 | NOTE | |
r-patched-solaris-sparc | 0.6.1 | 220.40 | NOTE | |||
r-patched-solaris-x86 | 0.6.1 | 62.40 | NOTE | |||
r-release-linux-ix86 | 0.6.1 | 2.60 | 24.50 | 27.10 | NOTE | |
r-release-linux-x86_64 | 0.6.1 | 2.04 | 17.81 | 19.85 | NOTE | |
r-release-osx-x86_64-mavericks | 0.6.1 | NOTE | ||||
r-release-osx-x86_64-snowleopard | 0.6.1 | NOTE | ||||
r-release-windows-ix86+x86_64 | 0.6.1 | 5.00 | 29.00 | 34.00 | NOTE | |
r-oldrel-windows-ix86+x86_64 | 0.6.1 | 6.00 | 32.00 | 38.00 | NOTE |
Version: 0.6.1
Check: installed package size
Result: NOTE
installed size is 10.8Mb
sub-directories of 1Mb or more:
java 10.7Mb
Flavors: r-devel-linux-x86_64-debian-clang, r-devel-linux-x86_64-debian-gcc, r-devel-linux-x86_64-fedora-clang, r-devel-linux-x86_64-fedora-gcc, r-devel-osx-x86_64-clang, r-devel-windows-ix86+x86_64, r-patched-linux-x86_64, r-patched-solaris-sparc, r-patched-solaris-x86, r-release-linux-ix86, r-release-linux-x86_64, r-release-osx-x86_64-mavericks, r-release-osx-x86_64-snowleopard, r-release-windows-ix86+x86_64, r-oldrel-windows-ix86+x86_64