Last updated on 2014-10-02 01:48:31.
Flavor | Version | Tinstall | Tcheck | Ttotal | Status | Flags |
---|---|---|---|---|---|---|
r-devel-linux-x86_64-debian-clang | 0.0.3 | 2.01 | 33.84 | 35.84 | NOTE | |
r-devel-linux-x86_64-debian-gcc | 0.0.3 | 1.89 | 32.79 | 34.68 | NOTE | |
r-devel-linux-x86_64-fedora-clang | 0.0.3 | 74.75 | NOTE | |||
r-devel-linux-x86_64-fedora-gcc | 0.0.3 | 72.33 | NOTE | |||
r-devel-osx-x86_64-clang | 0.0.3 | 69.02 | NOTE | |||
r-devel-windows-ix86+x86_64 | 0.0.3 | 10.00 | 55.00 | 65.00 | NOTE | |
r-patched-linux-x86_64 | 0.0.3 | 2.08 | 36.04 | 38.12 | OK | |
r-patched-solaris-sparc | 0.0.3 | 388.10 | OK | |||
r-patched-solaris-x86 | 0.0.3 | 95.30 | OK | |||
r-release-linux-ix86 | 0.0.3 | 2.59 | 49.77 | 52.36 | OK | |
r-release-linux-x86_64 | 0.0.3 | 2.19 | 35.88 | 38.07 | OK | |
r-release-osx-x86_64-mavericks | 0.0.3 | OK | ||||
r-release-osx-x86_64-snowleopard | 0.0.3 | OK | ||||
r-release-windows-ix86+x86_64 | 0.0.3 | 9.00 | 58.00 | 67.00 | OK | |
r-oldrel-windows-ix86+x86_64 | 0.0.3 | 12.00 | 62.00 | 74.00 | OK |
Version: 0.0.3
Check: R code for possible problems
Result: NOTE
theme_xkcd: no visible global function definition for ‘theme’
theme_xkcd: no visible global function definition for ‘element_blank’
theme_xkcd: no visible global function definition for ‘element_line’
theme_xkcd: no visible global function definition for ‘element_text’
xkcdaxis: no visible global function definition for ‘coord_cartesian’
xkcdrect: no visible global function definition for ‘geom_rect’
Flavors: r-devel-linux-x86_64-debian-clang, r-devel-linux-x86_64-debian-gcc, r-devel-linux-x86_64-fedora-clang, r-devel-linux-x86_64-fedora-gcc, r-devel-osx-x86_64-clang, r-devel-windows-ix86+x86_64