Last updated on 2014-10-02 01:48:31.
Flavor | Version | Tinstall | Tcheck | Ttotal | Status | Flags |
---|---|---|---|---|---|---|
r-devel-linux-x86_64-debian-clang | 1.2-15 | 0.61 | 31.30 | 31.91 | NOTE | |
r-devel-linux-x86_64-debian-gcc | 1.2-15 | 0.62 | 30.80 | 31.43 | NOTE | |
r-devel-linux-x86_64-fedora-clang | 1.2-15 | 21.39 | NOTE | |||
r-devel-linux-x86_64-fedora-gcc | 1.2-15 | 19.75 | NOTE | |||
r-devel-osx-x86_64-clang | 1.2-15 | 44.79 | NOTE | |||
r-patched-linux-x86_64 | 1.2-15 | 0.66 | 31.27 | 31.93 | NOTE | |
r-patched-solaris-sparc | 1.2-15 | 131.30 | NOTE | |||
r-patched-solaris-x86 | 1.2-15 | 31.70 | NOTE | |||
r-release-linux-ix86 | 1.2-15 | 0.99 | 37.09 | 38.08 | NOTE | |
r-release-linux-x86_64 | 1.2-15 | 0.77 | 31.02 | 31.78 | NOTE | |
r-release-osx-x86_64-mavericks | 1.2-15 | NOTE |
Version: 1.2-15
Check: top-level files
Result: NOTE
File
LICENCE
is not mentioned in the DESCRIPTION file.
Flavors: r-devel-linux-x86_64-debian-clang, r-devel-linux-x86_64-debian-gcc, r-devel-linux-x86_64-fedora-clang, r-devel-linux-x86_64-fedora-gcc, r-devel-osx-x86_64-clang, r-patched-linux-x86_64, r-patched-solaris-sparc, r-patched-solaris-x86, r-release-linux-ix86, r-release-linux-x86_64, r-release-osx-x86_64-mavericks