Last updated on 2014-10-02 01:48:31.
Flavor | Version | Tinstall | Tcheck | Ttotal | Status | Flags |
---|---|---|---|---|---|---|
r-devel-linux-x86_64-debian-clang | 0.9-9 | 8.67 | 51.28 | 59.95 | OK | |
r-devel-linux-x86_64-debian-gcc | 0.9-9 | 8.84 | 51.87 | 60.71 | WARN | |
r-devel-linux-x86_64-fedora-clang | 0.9-9 | 108.82 | OK | |||
r-devel-linux-x86_64-fedora-gcc | 0.9-9 | 101.12 | WARN | |||
r-devel-osx-x86_64-clang | 0.9-9 | 98.66 | OK | |||
r-devel-windows-ix86+x86_64 | 0.9-9 | 53.00 | 92.00 | 145.00 | OK | |
r-patched-linux-x86_64 | 0.9-9 | 9.07 | 54.10 | 63.18 | WARN | |
r-patched-solaris-sparc | 0.9-9 | 813.70 | OK | |||
r-patched-solaris-x86 | 0.9-9 | 147.00 | OK | |||
r-release-linux-ix86 | 0.9-9 | 14.33 | 81.08 | 95.41 | WARN | |
r-release-linux-x86_64 | 0.9-9 | 8.95 | 53.16 | 62.10 | WARN | |
r-release-osx-x86_64-mavericks | 0.9-9 | OK | ||||
r-release-osx-x86_64-snowleopard | 0.9-9 | OK | ||||
r-release-windows-ix86+x86_64 | 0.9-9 | 56.00 | 96.00 | 152.00 | OK | |
r-oldrel-windows-ix86+x86_64 | 0.9-9 | 57.00 | 92.00 | 149.00 | OK |
Memtest notes: valgrind
Version: 0.9-9
Check: whether package can be installed
Result: WARN
Found the following significant warnings:
dbetawrapper.c:6:2: warning: ISO C does not allow extra ‘;’ outside of a function [-Wpedantic]
Flavors: r-devel-linux-x86_64-debian-gcc, r-devel-linux-x86_64-fedora-gcc, r-patched-linux-x86_64, r-release-linux-ix86, r-release-linux-x86_64