Last updated on 2014-10-02 01:48:31.
Flavor | Version | Tinstall | Tcheck | Ttotal | Status | Flags |
---|---|---|---|---|---|---|
r-devel-linux-x86_64-debian-clang | 0.1 | 1.86 | 60.82 | 62.69 | OK | |
r-devel-linux-x86_64-debian-gcc | 0.1 | 1.84 | 59.69 | 61.53 | OK | |
r-devel-linux-x86_64-fedora-clang | 0.1 | 137.06 | OK | |||
r-devel-linux-x86_64-fedora-gcc | 0.1 | 129.68 | OK | |||
r-devel-osx-x86_64-clang | 0.1 | 113.56 | OK | |||
r-devel-windows-ix86+x86_64 | 0.1 | 5.00 | 91.00 | 96.00 | OK | |
r-patched-linux-x86_64 | 0.1 | 1.86 | 66.52 | 68.38 | OK | |
r-patched-solaris-sparc | 0.1 | 684.20 | OK | |||
r-patched-solaris-x86 | 0.1 | 159.10 | OK | |||
r-release-linux-ix86 | 0.1 | 2.34 | 131.26 | 133.60 | OK | |
r-release-linux-x86_64 | 0.1 | 2.54 | 66.67 | 69.21 | OK | |
r-release-osx-x86_64-mavericks | 0.1 | ERROR | ||||
r-release-osx-x86_64-snowleopard | 0.1 | OK | ||||
r-release-windows-ix86+x86_64 | 0.1 | 7.00 | 103.00 | 110.00 | OK | |
r-oldrel-windows-ix86+x86_64 | 0.1 | 7.00 | 91.00 | 98.00 | OK |
Version: 0.1
Check: package dependencies
Result: ERROR
Package required but not available: ‘rgeos’
See the information on DESCRIPTION files in the chapter ‘Creating R
packages’ of the ‘Writing R Extensions’ manual.
Flavor: r-release-osx-x86_64-mavericks