CRAN Package Check Results for Package wavethresh

Last updated on 2014-10-02 01:48:31.

Flavor Version Tinstall Tcheck Ttotal Status Flags
r-devel-linux-x86_64-debian-clang 4.6.6 6.52 56.54 63.06 NOTE
r-devel-linux-x86_64-debian-gcc 4.6.6 7.63 53.16 60.79 NOTE
r-devel-linux-x86_64-fedora-clang 4.6.6 123.31 NOTE
r-devel-linux-x86_64-fedora-gcc 4.6.6 115.00 NOTE
r-devel-osx-x86_64-clang 4.6.6 100.94 NOTE
r-devel-windows-ix86+x86_64 4.6.6 23.00 87.00 110.00 NOTE
r-patched-linux-x86_64 4.6.6 7.56 57.62 65.18 NOTE
r-patched-solaris-sparc 4.6.6 739.40 NOTE
r-patched-solaris-x86 4.6.6 152.90 NOTE
r-release-linux-ix86 4.6.6 8.54 75.79 84.33 NOTE
r-release-linux-x86_64 4.6.6 7.52 59.76 67.27 NOTE
r-release-osx-x86_64-mavericks 4.6.6 NOTE
r-release-windows-ix86+x86_64 4.6.6 22.00 94.00 116.00 NOTE
r-oldrel-windows-ix86+x86_64 4.6.6 21.00 91.00 112.00 NOTE

Check Details

Version: 4.6.6
Check: dependencies in R code
Result: NOTE
    Package in Depends field not imported from: ‘MASS’
     These packages need to be imported from (in the NAMESPACE file)
     for when this namespace is loaded but not attached.
    See the information on DESCRIPTION files in the chapter ‘Creating R
    packages’ of the ‘Writing R Extensions’ manual.
Flavors: r-devel-linux-x86_64-debian-clang, r-devel-linux-x86_64-debian-gcc, r-devel-linux-x86_64-fedora-clang, r-devel-linux-x86_64-fedora-gcc, r-devel-osx-x86_64-clang, r-devel-windows-ix86+x86_64, r-patched-linux-x86_64, r-patched-solaris-sparc, r-patched-solaris-x86, r-release-linux-ix86, r-release-linux-x86_64, r-release-osx-x86_64-mavericks, r-release-windows-ix86+x86_64, r-oldrel-windows-ix86+x86_64

Version: 4.6.6
Check: R code for possible problems
Result: NOTE
    BMdiscr: no visible global function definition for ‘lda’
Flavors: r-devel-linux-x86_64-debian-clang, r-devel-linux-x86_64-debian-gcc, r-devel-linux-x86_64-fedora-clang, r-devel-linux-x86_64-fedora-gcc, r-devel-osx-x86_64-clang, r-devel-windows-ix86+x86_64