Last updated on 2014-10-02 01:48:31.
Flavor | Version | Tinstall | Tcheck | Ttotal | Status | Flags |
---|---|---|---|---|---|---|
r-devel-linux-x86_64-debian-clang | 1.2-8 | 2.78 | 29.15 | 31.92 | NOTE | |
r-devel-linux-x86_64-debian-gcc | 1.2-8 | 2.58 | 28.53 | 31.11 | NOTE | |
r-devel-linux-x86_64-fedora-clang | 1.2-8 | 61.25 | NOTE | |||
r-devel-linux-x86_64-fedora-gcc | 1.2-8 | 56.12 | NOTE | |||
r-devel-osx-x86_64-clang | 1.2-8 | 58.30 | NOTE | |||
r-devel-windows-ix86+x86_64 | 1.2-8 | 9.00 | 44.00 | 53.00 | NOTE | |
r-patched-linux-x86_64 | 1.2-8 | 2.82 | 30.42 | 33.23 | NOTE | |
r-patched-solaris-sparc | 1.2-8 | 357.30 | NOTE | |||
r-patched-solaris-x86 | 1.2-8 | 78.80 | NOTE | |||
r-release-linux-ix86 | 1.2-8 | 3.64 | 37.52 | 41.16 | NOTE | |
r-release-linux-x86_64 | 1.2-8 | 3.02 | 30.28 | 33.29 | NOTE | |
r-release-osx-x86_64-mavericks | 1.2-8 | NOTE | ||||
r-release-windows-ix86+x86_64 | 1.2-8 | 8.00 | 49.00 | 57.00 | NOTE | |
r-oldrel-windows-ix86+x86_64 | 1.2-8 | 8.00 | 49.00 | 57.00 | NOTE |
Version: 1.2-8
Check: dependencies in R code
Result: NOTE
Namespace in Imports field not imported from: ‘nlme’
All declared Imports should be used.
See the information on DESCRIPTION files in the chapter ‘Creating R
packages’ of the ‘Writing R Extensions’ manual.
Flavors: r-devel-linux-x86_64-debian-clang, r-devel-linux-x86_64-debian-gcc, r-devel-linux-x86_64-fedora-clang, r-devel-linux-x86_64-fedora-gcc, r-devel-osx-x86_64-clang, r-devel-windows-ix86+x86_64, r-patched-linux-x86_64, r-patched-solaris-sparc, r-patched-solaris-x86, r-release-linux-ix86, r-release-linux-x86_64, r-release-osx-x86_64-mavericks, r-release-windows-ix86+x86_64, r-oldrel-windows-ix86+x86_64
Version: 1.2-8
Check: top-level files
Result: NOTE
File
inst/LICENSE
will install at top-level and is not mentioned in the DESCRIPTION file.
Flavors: r-devel-osx-x86_64-clang, r-devel-windows-ix86+x86_64, r-release-osx-x86_64-mavericks, r-release-windows-ix86+x86_64, r-oldrel-windows-ix86+x86_64