Last updated on 2014-10-02 01:48:30.
Flavor | Version | Tinstall | Tcheck | Ttotal | Status | Flags |
---|---|---|---|---|---|---|
r-devel-linux-x86_64-debian-clang | 0.1-2 | 0.60 | 8.66 | 9.26 | NOTE | |
r-devel-linux-x86_64-debian-gcc | 0.1-2 | 0.52 | 8.74 | 9.27 | NOTE | |
r-devel-linux-x86_64-fedora-clang | 0.1-2 | 18.96 | NOTE | |||
r-devel-linux-x86_64-fedora-gcc | 0.1-2 | 16.58 | NOTE | |||
r-devel-osx-x86_64-clang | 0.1-2 | 20.79 | OK | |||
r-devel-windows-ix86+x86_64 | 0.1-2 | 2.00 | 16.00 | 18.00 | OK | |
r-patched-linux-x86_64 | 0.1-2 | 0.64 | 8.77 | 9.41 | NOTE | |
r-patched-solaris-sparc | 0.1-2 | 99.10 | OK | |||
r-patched-solaris-x86 | 0.1-2 | 28.10 | OK | |||
r-release-linux-ix86 | 0.1-2 | 0.77 | 13.70 | 14.48 | OK | |
r-release-linux-x86_64 | 0.1-2 | 0.59 | 8.56 | 9.14 | NOTE | |
r-release-osx-x86_64-mavericks | 0.1-2 | OK | ||||
r-release-windows-ix86+x86_64 | 0.1-2 | 3.00 | 19.00 | 22.00 | OK | |
r-oldrel-windows-ix86+x86_64 | 0.1-2 | 2.00 | 15.00 | 17.00 | OK |
Version: 0.1-2
Check: Rd line widths
Result: NOTE
Rd file 'tsne.Rd':
\usage lines wider than 90 characters:
tsne(X, initial_config = NULL, k = 2, initial_dims = 30, perplexity = 30, max_iter = 1000, min_cost = 0, epoch_callback = NULL, whiten ... [TRUNCATED]
These lines will be truncated in the PDF manual.
Flavors: r-devel-linux-x86_64-debian-clang, r-devel-linux-x86_64-debian-gcc, r-devel-linux-x86_64-fedora-clang, r-devel-linux-x86_64-fedora-gcc, r-patched-linux-x86_64, r-release-linux-x86_64