Last updated on 2014-10-02 01:48:30.
Flavor | Version | Tinstall | Tcheck | Ttotal | Status | Flags |
---|---|---|---|---|---|---|
r-devel-linux-x86_64-debian-clang | 0.2-1 | 0.77 | 12.78 | 13.55 | NOTE | |
r-devel-linux-x86_64-debian-gcc | 0.2-1 | 0.76 | 12.36 | 13.11 | NOTE | |
r-devel-linux-x86_64-fedora-clang | 0.2-1 | 27.06 | NOTE | |||
r-devel-linux-x86_64-fedora-gcc | 0.2-1 | 25.50 | NOTE | |||
r-devel-osx-x86_64-clang | 0.2-1 | 28.16 | NOTE | |||
r-devel-windows-ix86+x86_64 | 0.2-1 | 3.00 | 21.00 | 24.00 | NOTE | |
r-patched-linux-x86_64 | 0.2-1 | 0.82 | 13.04 | 13.86 | NOTE | |
r-patched-solaris-sparc | 0.2-1 | 161.60 | NOTE | |||
r-patched-solaris-x86 | 0.2-1 | 39.30 | NOTE | |||
r-release-linux-ix86 | 0.2-1 | 1.14 | 20.13 | 21.27 | NOTE | |
r-release-linux-x86_64 | 0.2-1 | 0.81 | 12.68 | 13.49 | NOTE | |
r-release-osx-x86_64-mavericks | 0.2-1 | NOTE | ||||
r-release-osx-x86_64-snowleopard | 0.2-1 | OK | ||||
r-release-windows-ix86+x86_64 | 0.2-1 | 3.00 | 23.00 | 26.00 | NOTE | |
r-oldrel-windows-ix86+x86_64 | 0.2-1 | 4.00 | 25.00 | 29.00 | NOTE |
Version: 0.2-1
Check: dependencies in R code
Result: NOTE
Package in Depends field not imported from: ‘maxLik’
These packages need to be imported from (in the NAMESPACE file)
for when this namespace is loaded but not attached.
See the information on DESCRIPTION files in the chapter ‘Creating R
packages’ of the ‘Writing R Extensions’ manual.
Flavors: r-devel-linux-x86_64-debian-clang, r-devel-linux-x86_64-debian-gcc, r-devel-linux-x86_64-fedora-clang, r-devel-linux-x86_64-fedora-gcc, r-devel-osx-x86_64-clang, r-devel-windows-ix86+x86_64, r-patched-linux-x86_64, r-patched-solaris-sparc, r-patched-solaris-x86, r-release-linux-ix86, r-release-linux-x86_64, r-release-osx-x86_64-mavericks, r-release-windows-ix86+x86_64, r-oldrel-windows-ix86+x86_64
Version: 0.2-1
Check: R code for possible problems
Result: NOTE
truncreg.fit: no visible global function definition for ‘maxLik’
Flavors: r-devel-linux-x86_64-debian-clang, r-devel-linux-x86_64-debian-gcc, r-devel-linux-x86_64-fedora-clang, r-devel-linux-x86_64-fedora-gcc, r-devel-osx-x86_64-clang, r-devel-windows-ix86+x86_64