Last updated on 2014-10-02 01:48:30.
Flavor | Version | Tinstall | Tcheck | Ttotal | Status | Flags |
---|---|---|---|---|---|---|
r-devel-linux-x86_64-debian-clang | 0.1-2 | 0.56 | 9.26 | 9.81 | NOTE | |
r-devel-linux-x86_64-debian-gcc | 0.1-2 | 0.52 | 9.22 | 9.74 | NOTE | |
r-devel-linux-x86_64-fedora-clang | 0.1-2 | 19.35 | NOTE | |||
r-devel-linux-x86_64-fedora-gcc | 0.1-2 | 17.82 | NOTE | |||
r-devel-osx-x86_64-clang | 0.1-2 | 22.42 | NOTE | |||
r-devel-windows-ix86+x86_64 | 0.1-2 | 2.00 | 16.00 | 18.00 | NOTE | |
r-patched-linux-x86_64 | 0.1-2 | 0.56 | 10.91 | 11.47 | OK | |
r-patched-solaris-sparc | 0.1-2 | 122.00 | OK | |||
r-patched-solaris-x86 | 0.1-2 | 33.60 | OK | |||
r-release-linux-ix86 | 0.1-2 | 0.73 | 16.93 | 17.66 | OK | |
r-release-linux-x86_64 | 0.1-2 | 0.48 | 11.10 | 11.58 | OK | |
r-release-osx-x86_64-mavericks | 0.1-2 | OK | ||||
r-release-windows-ix86+x86_64 | 0.1-2 | 2.00 | 19.00 | 21.00 | OK | |
r-oldrel-windows-ix86+x86_64 | 0.1-2 | 2.00 | 20.00 | 22.00 | OK |
Version: 0.1-2
Check: R code for possible problems
Result: NOTE
plot.tkm: no visible global function definition for ‘plotcluster’
plot.tkm: no visible global function definition for ‘discrcoord’
Flavors: r-devel-linux-x86_64-debian-clang, r-devel-linux-x86_64-debian-gcc, r-devel-linux-x86_64-fedora-clang, r-devel-linux-x86_64-fedora-gcc, r-devel-osx-x86_64-clang, r-devel-windows-ix86+x86_64